{"id":917,"date":"2021-11-09T10:13:31","date_gmt":"2021-11-09T09:13:31","guid":{"rendered":"https:\/\/le-lodge.fr\/conseil\/?page_id=917"},"modified":"2022-05-02T12:28:39","modified_gmt":"2022-05-02T10:28:39","slug":"louer","status":"publish","type":"page","link":"https:\/\/le-lodge.fr\/conseil\/salle-reunion\/louer\/","title":{"rendered":"Salle de r\u00e9union : quels sont les avantages de la location ?"},"content":{"rendered":"<p><span style=\"font-size: 18pt;\">Vous \u00eates <strong>auto-entrepreneur<\/strong> ou faites partie d\u2019une <strong>micro-entreprise<\/strong> et \u00eates \u00e0 la recherche d\u2019un nouvel espace de travail pour accueillir vos clients ou collaborateurs ? D\u00e9couvrez dans cet article les meilleures raisons de <strong>louer une salle de r\u00e9union<\/strong>. Vous souhaitez conna\u00eetre tous les secrets d\u2019<a href=\"https:\/\/le-lodge.fr\/conseil\/salle-reunion\/\">une bonne salle de r\u00e9union<\/a> ? Consultez notre article pour en savoir davantage sur les caract\u00e9ristiques d\u2019<strong>un bon espace de travail<\/strong>.<\/span><\/p>\n\n<div class=\"su-youtube su-u-responsive-media-yes\"><iframe loading=\"lazy\" width=\"600\" height=\"400\" src=\"https:\/\/www.youtube.com\/embed\/pc3sKV_dEaE?\" frameborder=\"0\" allowfullscreen allow=\"autoplay; encrypted-media; picture-in-picture\" title=\"\"><\/iframe><\/div>\n<h2>Louer \u00e0 des prix attractifs<\/h2>\n<p>Vous ne souhaitez pas vous ruiner\u00a0? Choisir la location d\u2019une salle de r\u00e9union peut vous permettre d\u2019<strong>effectuer de nombreuses \u00e9conomies<\/strong>. Vous vous demandez pourquoi ? Nous allons vous \u00e9clairer en vous pr\u00e9sentant les avantages de cette solution. Investir vous-m\u00eame dans une salle ne sera pas avantageux, pourquoi ? De nombreux frais entreront en compte d\u00e8s le lancement : trouver l\u2019emplacement, le budget, d\u00e9corer, acheter du mobilier, l\u2019entretien des lieux etc. Pour cr\u00e9er <strong>un espace de travail d\u00e9di\u00e9 \u00e0 la productivit\u00e9 et \u00e0 la collaboration<\/strong>, cela n\u00e9cessite des frais et un <strong>investissement important<\/strong> que vous n\u2019avez peut-\u00eatre pas. <strong>Louer une salle<\/strong> est actuellement <strong>le moyen le plus avantageux de faire des \u00e9conomies<\/strong>. Vous pourrez s\u00e9lectionner celle-ci selon vos besoins et la r\u00e9server le temps qu\u2019il vous faut. Il existe des espaces qui peuvent <strong>se louer \u00e0 l\u2019heure<\/strong>, pratique non ? \u00a0Vous n\u2019aurez pas de contraintes, seulement des solutions, vous ne rencontrerez ni de tracas de mat\u00e9riel, ni de probl\u00e8me de bruit, tout sera mis en place pour que vous passiez <strong>un moment agr\u00e9able<\/strong>. Si vous \u00eates auto-entrepreneur ou si votre soci\u00e9t\u00e9 r\u00e9alise des r\u00e9unions occasionnelles, n\u2019h\u00e9sitez pas \u00e0 vous renseigner sur la location. Une solution id\u00e9ale pour vous qui \u00eates \u00e0 la recherche d\u2019un espace de travail adapt\u00e9 et offrant de larges possibilit\u00e9s pour collaborer en \u00e9tant parfaitement \u00e9quip\u00e9.<\/p>\n<p>Vous souhaitez savoir <a href=\"https:\/\/le-lodge.fr\/conseil\/salle-reunion\/louer\/lieux\/\">o\u00f9 il possible de louer une salle de r\u00e9union<\/a> ? D\u00e9couvrez \u00e0 travers la lecture de notre guide les lieux qui peuvent vous accueillir pour vos divers \u00e9v\u00e9nements.<\/p>\n<h2>Changer votre cadre de travail<\/h2>\n<p>Vous \u00eates fatigu\u00e9 de toujours r\u00e9aliser vos r\u00e9unions au m\u00eame endroit\u00a0? Vous souhaitez <strong>d\u00e9couvrir de nouveaux lieux<\/strong> pour <strong>d\u00e9velopper votre cr\u00e9ativit\u00e9<\/strong> et vous laissez porter par d\u2019autres horizons ? Il n\u2019y a rien de plus stimulant pour une \u00e9quipe que de <strong>changer d\u2019espace<\/strong> pour se r\u00e9g\u00e9n\u00e9rer et d\u00e9nicher de nouvelles id\u00e9es. Si vous faites partie de cette majorit\u00e9 de personnes qui ont besoin de changement, alors lancez-vous dans la recherche d\u2019une nouvelle salle pour sortir du cadre traditionnel de votre bureau, ce sera l\u2019occasion r\u00eav\u00e9e pour vous concentrer sur les projets futurs de votre entreprise. L\u2019ouverture vers l\u2019ext\u00e9rieur vous permettra de sortir de votre train-train quotidien, de ne pas vous brider dans vos id\u00e9es. Vous pourrez rencontrer d\u2019autres enseignes et \u00eatre port\u00e9 par une <strong>nouvelle dynamique<\/strong> plus collaborative et tourn\u00e9e vers l\u2019\u00e9change. En changeant ainsi de cadre de travail vous aurez aussi l\u2019occasion de d\u00e9couvrir des lieux adapt\u00e9s aux professionnels qui vous feront acc\u00e9der \u00e0 des espaces spacieux pour recevoir vos clients et collaborateurs sereinement. Il n\u2019y a pas de secret, si vous souhaitez redynamiser votre \u00e9quipe, dirigez-vous vers un nouveau lieu pour voir les choses diff\u00e9remment et cr\u00e9er <strong>une nouvelle \u00e9nergie<\/strong>.<\/p>\n<p>Vous vous demandez <a href=\"https:\/\/le-lodge.fr\/conseil\/salle-reunion\/louer\/pour-qui\/\">qui peut louer une salle de r\u00e9union<\/a> ? Il vous suffit de consulter notre article pour tout savoir \u00e0 ce sujet. Qu\u2019attendez vous ?<\/p>\n<h2>Profiter d\u2019une salle adapt\u00e9e \u00e0 vos besoins<\/h2>\n<p>Vous ne disposez pas de mat\u00e9riel adapt\u00e9 dans votre soci\u00e9t\u00e9 ou n\u2019avez pas l\u2019espace pour l\u2019utiliser\u00a0? En louant une salle de r\u00e9union vous pourrez oublier toutes ces contraintes et profiter d\u2019un <strong>mat\u00e9riel de qualit\u00e9<\/strong> pour r\u00e9aliser au mieux vos r\u00e9unions. Vous souhaitez du confort, des \u00e9quipements fonctionnels et de la flexibilit\u00e9\u00a0? La location r\u00e9pondra \u00e0 vos attentes et vous offrira des <strong>r\u00e9unions efficaces<\/strong>. Que vous souhaitiez organiser un s\u00e9minaire, mettre en place une formation ou r\u00e9aliser une r\u00e9union avec vos nouveaux collaborateurs en petit comit\u00e9, il existe <strong>l\u2019espace qui vous correspond<\/strong>.<\/p>\n<p><img loading=\"lazy\" decoding=\"async\" class=\"aligncenter wp-image-924 size-full\" src=\"https:\/\/le-lodge.fr\/conseil\/wp-content\/uploads\/2021\/10\/salle-de-se%CC%81minaire-e%CC%81quipe%CC%81e.jpg\" alt=\"Lodge - grande salle \u00e9quip\u00e9e pour accueillir vos collaborateurs\" width=\"700\" height=\"394\"><\/p>\n<h2>Un gain de temps consid\u00e9rable<\/h2>\n<p>Pr\u00e9parer une salle de r\u00e9union et disposer du mat\u00e9riel n\u00e9cessaire demande beaucoup de temps et d\u2019\u00e9nergie. Vous \u00eates press\u00e9 ? Les d\u00e9lais sont trop courts pour vous ? Il y a de nombreux \u00e9l\u00e9ments d\u2019organisation \u00e0 prendre en compte comme la d\u00e9coration, la logistique, le mat\u00e9riel, la sonorisation etc. Si vous n\u2019\u00eates pas un expert, cela vous ajoutera encore de la difficult\u00e9. En passant par <strong>la location de salles<\/strong>, vous n\u2019aurez \u00e0 vous soucier de rien, les professionnels vous accueillant se chargeront de tout pour vous donner <strong>acc\u00e8s \u00e0 des services et des avantages<\/strong> de qualit\u00e9. Gr\u00e2ce \u00e0 cette solution, vous pourrez r\u00e9aliser vos r\u00e9unions en toute s\u00e9r\u00e9nit\u00e9 en vous consacrant pleinement \u00e0 vos ordres du jour. Qu\u2019importent vos besoins vous pourrez d\u00e9nicher la salle qu\u2019il vous faut (acc\u00e8s wifi, vid\u00e9oprojecteur, mobilier confortable, cosy, espace d\u00e9tente \u00e0 votre disposition etc.).<\/p>\n<h2>Un cadre attrayant<\/h2>\n<p>En choisissant une salle dans un espace d\u00e9di\u00e9 vous pourrez profiter d\u2019un <strong>cadre attrayant<\/strong> pour r\u00e9unir vos collaborateurs ou vos clients. En effet, les espaces sont d\u00e9cor\u00e9s avec go\u00fbt et offrent un cadre de travail agr\u00e9able. Ils ont \u00e9t\u00e9 pens\u00e9s pour accueillir le public et r\u00e9pondre \u00e0 leurs besoins (espace de d\u00e9tente, prestations diff\u00e9rentes, salles \u00e9quip\u00e9es etc.). Vous profiterez de couleurs vives, d\u2019espaces lumineux, de d\u00e9corations travaill\u00e9es et d\u2019un environnement associ\u00e9 au bien \u00eatre pour<strong> \u00eatre efficace et cr\u00e9atif partout<\/strong>. Ces espaces vous permettront de vous sentir \u00e0 l\u2019aise gr\u00e2ce \u00e0 une ambiance travaill\u00e9e avec soin pour vous plaire \u00e0 vous et aux personnes vous accompagnant.<\/p>\n<p><img loading=\"lazy\" decoding=\"async\" class=\"aligncenter wp-image-923 size-medium\" src=\"https:\/\/le-lodge.fr\/conseil\/wp-content\/uploads\/2021\/10\/salle-de-re%CC%81union-cadre-attrayant-800x531.jpeg\" alt=\"Lodge - location d'une salle de r\u00e9union offrant un cadre id\u00e9al\" width=\"800\" height=\"531\"><\/p>\n<h2>D\u00e9couvrez le Lodge<\/h2>\n<p>Vous \u00eates \u00e0 la recherche d\u2019une nouvelle salle de r\u00e9union pour vos rendez-vous occasionnels\u00a0? D\u00e9couvrez<strong> notre espace de travail de 600m2 compos\u00e9 de bureaux, de salles de r\u00e9union et d\u2019un espace de coworking<\/strong>. Vous trouverez tout ce qu\u2019il vous faut sur place pour <strong>travailler efficacement<\/strong> et lorsque vous aurez besoin d\u2019une pause vous pourrez profiter de notre grande terrasse ainsi que notre espace de d\u00e9tente autour d\u2019une pause-caf\u00e9. Nous vous proposons <strong>des salles \u00e9quip\u00e9es<\/strong>, confortables et assurerons avec professionnalisme votre exp\u00e9rience chez nous. Vous avez envie de travailler dans de bonnes conditions tout en faisant des \u00e9conomies\u00a0? Contactez-nous.<\/p>\n<p style=\"text-align: center; font-size: 18pt;\"><b>Vous souhaitez louer une salle de r\u00e9union adapt\u00e9e \u00e0 vos besoins ? Contactez le Lodge, votre centre d\u2019affaires \u00e0 Strasbourg !<\/b><\/p>\n<p style=\"text-align: center;\">Location de salles de r\u00e9union et bureaux avec ou sans domiciliation et espaces de r\u00e9ception.<\/p>\n<p style=\"text-align: center;\"><div class=\"su-button-center\"><span data-atc=\"aHR0cHM6Ly93d3cubGUtbG9kZ2UuZnIvY29udGFjdGV6LW5vdXMv\" class=\"su-button su-button-style-flat atc pop\" style=\" cursor: pointer; color:#FFFFFF;background-color:#FF503D;border-color:;0px;\" target=\"_blank\" rel=\"noopener noreferrer\">\r\n\t\r\n\t\r\n\t<span style=\";padding:8px 26px;font-size:20px;line-height:30px;border-color:;border-radius:0px;-moz-border-radius:0px;-webkit-border-radius:0px;text-shadow:none;-moz-text-shadow:none;-webkit-text-shadow:none;background-color: #FF503D; color:#FFFFFF !important\"> <i class=\"sui sui-pencil-square-o\" style=\"\" aria-label=\"\"><\/i>Envoyer ma demande <\/span>\r\n\r\n<\/span><\/div>\n<h2><span style=\"color: #FF503D;\">L\u2019essentiel \u00e0 retenir <\/span><\/h2>\n<div class=\"su-list\" style=\"margin-left:10px\">\n<ol>\n<li><i class=\"sui sui-star\" style=\"color:#FF503D\"><\/i> Vous en avez assez de votre routine professionnelle qui s\u2019installe\u00a0? <strong>Vous \u00eates auto-entrepreneur<\/strong> et cherchez un lieu pour r\u00e9aliser vos r\u00e9unions\u00a0? <strong>Vous venez de monter votre micro-entreprise<\/strong> et souhaitez cr\u00e9er une dynamique de groupe\u00a0en r\u00e9alisant un \u00e9v\u00e9nement professionnel ?<\/li>\n<li><i class=\"sui sui-star\" style=\"color:#FF503D\"><\/i> <strong>La location de salles de r\u00e9union est faite pour vous<\/strong>. Cette solution vous permettra de <strong>sortir de votre cadre de travail habituel<\/strong> et ainsi de vous retrouver dans un lieu nouveau o\u00f9 des id\u00e9es neuves na\u00eetront.<\/li>\n<li><i class=\"sui sui-star\" style=\"color:#FF503D\"><\/i> Ces lieux regorgent de surprises : \u00e9quip\u00e9s d\u2019outils technologiques, d\u2019un mobilier confortable, d\u2019une d\u00e9coration vive augmentant la productivit\u00e9 etc. N&rsquo;attendez plus pour les d\u00e9couvrir !<\/li>\n<\/ol>\n<\/div>\n<\/p><div class=\"su-spacer\" style=\"height:100px\"><\/div><br>\n<div class=\"su-heading su-heading-style-line-blue su-heading-align-center\" id=\"\" style=\"font-size:16px;margin-bottom:0px\"><div class=\"su-heading-inner\">\n<h5><span class=\"su-highlight\" style=\"background:#FF503D;color:#ffffff\">&nbsp;<span style=\"font-weight: 400;\">Ces articles devraient aussi vous int\u00e9resser<\/span>&nbsp;<\/span><\/h5>\n<\/div><\/div><br>\n<div class=\"su-spacer\" style=\"height:50px\"><\/div><br>\n<ul class=\"cs-samelevel-posts\">\n\t\t\t<li><a href=\"https:\/\/le-lodge.fr\/conseil\/salle-reunion\/organiser\/\"> R\u00e9union : quels sont les moyens pour la rendre profitable \u00e0 tous ?<\/a><\/li>\n\t\t\t<li><a href=\"https:\/\/le-lodge.fr\/conseil\/salle-reunion\/amenager\/\"> Salle de r\u00e9union : le guide complet pour bien l\u2019organiser<\/a><\/li>\n\t<\/ul>\n\n\n","protected":false},"excerpt":{"rendered":"<p>Vous \u00eates auto-entrepreneur ou faites partie d\u2019une micro-entreprise et \u00eates \u00e0 la recherche d\u2019un nouvel espace de travail pour accueillir vos clients ou collaborateurs ? D\u00e9couvrez dans cet article les meilleures raisons de louer une salle de r\u00e9union. Vous souhaitez conna\u00eetre tous les secrets d\u2019une bonne salle de r\u00e9union ? Consultez notre article pour en [&hellip;]<\/p>\n","protected":false},"author":3,"featured_media":957,"parent":902,"menu_order":1,"comment_status":"closed","ping_status":"closed","template":"","meta":{"_seopress_robots_primary_cat":"","_seopress_titles_title":"Pourquoi louer une salle de r\u00e9union ?","_seopress_titles_desc":"Vous \u00eates entrepreneur ou freelance et ne connaissez pas les avantages de la location ? On vous explique tout ! Facile d&#039;acc\u00e8s, cadre formel, bonne impression. ","_seopress_robots_index":"","footnotes":""},"_links":{"self":[{"href":"https:\/\/le-lodge.fr\/conseil\/wp-json\/wp\/v2\/pages\/917"}],"collection":[{"href":"https:\/\/le-lodge.fr\/conseil\/wp-json\/wp\/v2\/pages"}],"about":[{"href":"https:\/\/le-lodge.fr\/conseil\/wp-json\/wp\/v2\/types\/page"}],"author":[{"embeddable":true,"href":"https:\/\/le-lodge.fr\/conseil\/wp-json\/wp\/v2\/users\/3"}],"replies":[{"embeddable":true,"href":"https:\/\/le-lodge.fr\/conseil\/wp-json\/wp\/v2\/comments?post=917"}],"version-history":[{"count":14,"href":"https:\/\/le-lodge.fr\/conseil\/wp-json\/wp\/v2\/pages\/917\/revisions"}],"predecessor-version":[{"id":1866,"href":"https:\/\/le-lodge.fr\/conseil\/wp-json\/wp\/v2\/pages\/917\/revisions\/1866"}],"up":[{"embeddable":true,"href":"https:\/\/le-lodge.fr\/conseil\/wp-json\/wp\/v2\/pages\/902"}],"wp:featuredmedia":[{"embeddable":true,"href":"https:\/\/le-lodge.fr\/conseil\/wp-json\/wp\/v2\/media\/957"}],"wp:attachment":[{"href":"https:\/\/le-lodge.fr\/conseil\/wp-json\/wp\/v2\/media?parent=917"}],"curies":[{"name":"wp","href":"https:\/\/api.w.org\/{rel}","templated":true}]}}