{"id":3282,"date":"2024-01-03T14:43:07","date_gmt":"2024-01-03T13:43:07","guid":{"rendered":"https:\/\/le-lodge.fr\/conseil\/?page_id=3282"},"modified":"2024-01-03T14:43:07","modified_gmt":"2024-01-03T13:43:07","slug":"page-behance","status":"publish","type":"page","link":"https:\/\/le-lodge.fr\/conseil\/creer-entreprise\/formations\/conseils-lancement-communication-entreprise\/choisir-reseaux-sociaux-entreprise\/page-behance\/","title":{"rendered":"Pourquoi cr\u00e9er une page Behance pour son entreprise ?"},"content":{"rendered":"<p><span style=\"font-size: 18pt;\">Si vous \u00eates un professionnel de la cr\u00e9ation et que vous souhaitez \u00eatre reconnu dans votre domaine, disposer d\u2019une plateforme o\u00f9 vous pouvez pr\u00e9senter vos r\u00e9alisations est essentiel. Choisir parmi les diff\u00e9rents <a href=\"https:\/\/le-lodge.fr\/conseil\/creer-entreprise\/formations\/conseils-lancement-communication-entreprise\/choisir-reseaux-sociaux-entreprise\/\">r\u00e9seaux sociaux<\/a> disponibles peut \u00eatre difficile, mais l\u2019une des meilleures solutions est sans conteste la cr\u00e9ation d\u2019une page Behance. Dans cet article, nous allons voir pourquoi cela a du sens et quelques conseils \u00e0 consid\u00e9rer pour bien d\u00e9marrer.<\/span><\/p>\n\n<h2>D\u00e9velopper sa pr\u00e9sence sur un r\u00e9seau de professionnels cr\u00e9atifs<\/h2>\n<p>La principale raison pour laquelle il est essentiel d\u2019avoir une page Behance r\u00e9side dans l\u2019opportunit\u00e9 qu\u2019elle offre d\u2019\u00eatre pr\u00e9sent sur un <strong>r\u00e9seau de professionnels<\/strong> tr\u00e8s actifs dans le monde de la cr\u00e9ation.<\/p>\n<div class=\"su-list\" style=\"margin-left:10px\">\n<ul>\n<li><i class=\"sui sui-minus\" style=\"color:#FF503D\"><\/i> <strong>\u00c9largissez votre audience :<\/strong> avec des millions d&rsquo;utilisateurs dans le monde entier, Behance figure probablement parmi les meilleures destinations pour promouvoir votre travail et trouver de nouveaux contacts professionnels. En plus de g\u00e9n\u00e9rer du trafic suppl\u00e9mentaire vers votre site web, vous serez \u00e9galement visible aux yeux d&rsquo;un large \u00e9ventail de clients potentiels.<\/li>\n<li><i class=\"sui sui-minus\" style=\"color:#FF503D\"><\/i> <strong>Interagissez avec d&rsquo;autres cr\u00e9ateurs :<\/strong> Si vous cherchez des opportunit\u00e9s de collaboration, Behance pourrait \u00eatre un excellent point de d\u00e9part. Rejoignez des groupes ou des discussions bas\u00e9es sur des th\u00e9matiques sp\u00e9cifiques afin de partager vos id\u00e9es et vos exp\u00e9riences, ainsi que pour apprendre de celles des autres. Cela peut \u00e9galement vous aider \u00e0 \u00e9tablir des relations de confiance et \u00e0 gagner en cr\u00e9dibilit\u00e9 vis-\u00e0-vis de clients potentiels.<\/li>\n<li><i class=\"sui sui-minus\" style=\"color:#FF503D\"><\/i> <strong>\u00c9voluez dans votre domaine :<\/strong> Behance est une mine d&rsquo;informations pour les professionnels cr\u00e9atifs, qui peuvent s&rsquo;en inspirer pour am\u00e9liorer leur comp\u00e9tence. Que vous souhaitiez d\u00e9couvrir les tendances actuelles ou examiner le travail de vos pairs, il s&rsquo;agit d&rsquo;une excellente ressource \u00e0 coupler \u00e0 <a href=\"https:\/\/le-lodge.fr\/conseil\/creer-entreprise\/formations\/conseils-lancement-communication-entreprise\/choisir-reseaux-sociaux-entreprise\/page-linkedin\/\">LinkedIn<\/a> pour \u00eatre toujours au sommet de votre art.<\/li>\n<\/ul>\n<\/div>\n<\/p><h2>Personnaliser sa page selon son propre style<\/h2>\n<p>Lorsque vous cr\u00e9ez une page Behance, vous \u00eates libre de <strong>personnaliser son apparence<\/strong> en fonction de votre propre style. Vous pouvez choisir votre police, ajouter des images de haute qualit\u00e9 et comprendre comment pr\u00e9senter vos projets de mani\u00e8re optimale pour <strong>attirer l\u2019attention<\/strong> des visiteurs.<\/p>\n<h3>Quelques conseils pour bien d\u00e9marrer<\/h3>\n<div class=\"su-list\" style=\"margin-left:10px\">\n<ul>\n<li><i class=\"sui sui-minus\" style=\"color:#FF503D\"><\/i> <strong>Optez pour des images de qualit\u00e9 :<\/strong> Tout comme sur <a href=\"https:\/\/le-lodge.fr\/conseil\/creer-entreprise\/formations\/conseils-lancement-communication-entreprise\/choisir-reseaux-sociaux-entreprise\/page-instagram\/\">Instagram<\/a>, il est essentiel de choisir des images de haute r\u00e9solution pour permettre aux utilisateurs d&rsquo;appr\u00e9cier pleinement votre travail. N&rsquo;oubliez pas que les premi\u00e8res impressions sont essentielles, surtout lorsque vous souhaitez s\u00e9duire de nouveaux clients !<\/li>\n<li><i class=\"sui sui-minus\" style=\"color:#FF503D\"><\/i> <strong>Mettez en avant vos meilleurs projets :<\/strong> Vous devriez toujours mettre en avant vos projets les plus r\u00e9ussis. Ne vous sentez pas oblig\u00e9 d&rsquo;inclure tout ce que vous avez fait &#8211; privil\u00e9giez la qualit\u00e9 plut\u00f4t que la quantit\u00e9, en s\u00e9lectionnant minutieusement les r\u00e9alisations repr\u00e9sentatives de votre talent.<\/li>\n<li><i class=\"sui sui-minus\" style=\"color:#FF503D\"><\/i> <strong>Adaptez la mise en page \u00e0 votre style :<\/strong> La pr\u00e9sentation de vos projets doit refl\u00e9ter le caract\u00e8re unique de votre travail. Jouer avec les couleurs, les espacements et les polices pour cr\u00e9er une exp\u00e9rience visuelle coh\u00e9rente et attrayante est n\u00e9cessaire.<\/li>\n<\/ul>\n<\/div>\n<\/p><h2>Astuce : optimiser son profil pour les moteurs de recherche<\/h2>\n<p>Si vous voulez attirer encore plus de trafic vers votre page Behance, pensez \u00e0 <strong>l\u2019optimisation pour les moteurs de recherche<\/strong> (SEO). Cela signifie utiliser des <strong>mots-cl\u00e9s pertinents<\/strong> dans vos titres, descriptions et tags pour donner aux visiteurs une id\u00e9e claire de ce que vous proposez et le <strong>type de contenu<\/strong> qu\u2019ils peuvent s\u2019attendre \u00e0 y trouver.<\/p>\n<div class=\"su-list\" style=\"margin-left:10px\">\n<ul>\n<li><i class=\"sui sui-minus\" style=\"color:#FF503D\"><\/i> <strong>R\u00e9digez des titres accrocheurs :<\/strong> Une bonne m\u00e9thode consiste \u00e0 employer des titres qui donnent imm\u00e9diatement envie d&rsquo;en savoir plus sur vos r\u00e9alisations. Les meilleures pages Behance sont dot\u00e9es de titres qui attirent l&rsquo;attention et suscitent la curiosit\u00e9 du lecteur.<\/li>\n<li><i class=\"sui sui-minus\" style=\"color:#FF503D\"><\/i> <strong>Utilisez des mots cl\u00e9s judicieusement :<\/strong> Ne n\u00e9gligez pas l&rsquo;importance des mots cl\u00e9s en rapport avec votre domaine pour aider les internautes \u00e0 trouver votre travail via les moteurs de recherche.<\/li>\n<li><i class=\"sui sui-minus\" style=\"color:#FF503D\"><\/i> <strong>Mettez en avant votre zone g\u00e9ographique :<\/strong> Si cela s&rsquo;av\u00e8re pertinent, n&rsquo;h\u00e9sitez pas \u00e0 mentionner votre lieu d&rsquo;exercice dans les titres et descriptions de vos projets. Cela peut vous aider \u00e0 obtenir des clients locaux int\u00e9ress\u00e9s par des professionnels proches de chez eux.<\/li>\n<li><i class=\"sui sui-minus\" style=\"color:#FF503D\"><\/i> <strong>Incitez les internautes \u00e0 entrer en contact :<\/strong> Dernier conseil, incitez explicitement vos visiteurs \u00e0 vous contacter si votre travail les int\u00e9resse. Indiquez clairement comment ils peuvent vous joindre (adresse e-mail, formulaire de contact, etc.) pour faciliter la prise de contact.<\/li>\n<\/ul>\n<\/div>\n<\/p><h2>D\u00e9crocher des opportunit\u00e9s professionnelles gr\u00e2ce \u00e0 Behance<\/h2>\n<p>Finalement, l\u2019un des principaux avantages de cr\u00e9er une page Behance est d\u2019augmenter vos chances de d\u00e9crocher de nouvelles <strong>opportunit\u00e9s de travail<\/strong>. Qu\u2019il s\u2019agisse de contrats ponctuels, de partenariats \u00e0 long terme ou de ventes directes, mettre en valeur vos \u0153uvres sur cette plateforme peut grandement contribuer \u00e0 <strong>d\u00e9velopper votre activit\u00e9<\/strong>.<\/p>\n<div class=\"su-list\" style=\"margin-left:10px\">\n<ul>\n<li><i class=\"sui sui-minus\" style=\"color:#FF503D\"><\/i> <strong>Participez aux projets Behance :<\/strong> La plateforme propose r\u00e9guli\u00e8rement des concours et appels \u00e0 projets auxquels vous pouvez participer pour vous faire conna\u00eetre et g\u00e9n\u00e9rer des opportunit\u00e9s professionnelles.<\/li>\n<li><i class=\"sui sui-minus\" style=\"color:#FF503D\"><\/i> <strong>Postulez \u00e0 des offres d&#8217;emploi :<\/strong> Sur Behance, de nombreuses entreprises publient des annonces d&#8217;emplois et recherchent des talents. En ayant une page bien optimis\u00e9e, vous augmentez vos chances de recevoir des propositions int\u00e9ressantes.<\/li>\n<li><i class=\"sui sui-minus\" style=\"color:#FF503D\"><\/i> <strong>G\u00e9rez vos relations client\u00e8le :<\/strong> Gr\u00e2ce \u00e0 la fonctionnalit\u00e9 de messagerie int\u00e9gr\u00e9e, entretenir des relations avec vos clients actuels ou prospects est simple et efficace.<\/li>\n<\/ul>\n<\/div>\n<\/p><h2><span style=\"color: #FF503D;\">En conclusion : cr\u00e9er une page Behance pour son entreprise<\/span><\/h2>\n<p>La cr\u00e9ation d\u2019une page Behance pour votre entreprise offre une vitrine exceptionnelle dans le monde cr\u00e9atif, permettant d\u2019\u00e9tendre votre influence, d\u2019interagir avec d\u2019autres talents, et de rester au sommet de votre domaine.<\/p>\n<p>Personnalisez votre page en mettant en avant des projets de qualit\u00e9, optimisez-la pour les moteurs de recherche, et incitez \u00e0 l\u2019action pour maximiser son impact. Gr\u00e2ce \u00e0 Behance, vous avez l\u2019opportunit\u00e9 de d\u00e9crocher des opportunit\u00e9s professionnelles, que ce soit par le biais de collaborations, de contrats ou d\u2019offres d\u2019emploi.<\/p>\n<p>En r\u00e9sum\u00e9, investir dans une pr\u00e9sence sur Behance peut \u00eatre la cl\u00e9 pour propulser votre entreprise cr\u00e9ative vers de nouveaux horizons.<\/p>\n<div class=\"su-spacer\" style=\"height:100px\"><\/div><br>\n<div class=\"su-heading su-heading-style-line-orange su-heading-align-center\" id=\"\" style=\"font-size:16px;margin-bottom:0px\"><div class=\"su-heading-inner\">\n<h5><span class=\"su-highlight\" style=\"background:#FF503D;color:#ffffff\">&nbsp;<span style=\"font-weight: 400;\">Ces articles devraient aussi vous int\u00e9resser<\/span>&nbsp;<\/span><\/h5>\n<\/div><\/div><br>\n<div class=\"su-spacer\" style=\"height:50px\"><\/div><br>\n<ul class=\"cs-samelevel-posts\">\n\t\t\t<li><a href=\"https:\/\/le-lodge.fr\/conseil\/creer-entreprise\/formations\/conseils-lancement-communication-entreprise\/choisir-reseaux-sociaux-entreprise\/page-linkedin\/\"> Pourquoi et comment cr\u00e9er une page entreprise sur LinkedIn ?<\/a><\/li>\n\t\t\t<li><a href=\"https:\/\/le-lodge.fr\/conseil\/creer-entreprise\/formations\/conseils-lancement-communication-entreprise\/choisir-reseaux-sociaux-entreprise\/page-instagram\/\"> Pourquoi et comment cr\u00e9er une page Instagram pour son entreprise ?<\/a><\/li>\n\t\t\t<li><a href=\"https:\/\/le-lodge.fr\/conseil\/creer-entreprise\/formations\/conseils-lancement-communication-entreprise\/choisir-reseaux-sociaux-entreprise\/facebook\/\"> Quel est l\u2019int\u00e9r\u00eat de cr\u00e9er une page d\u2019entreprise Facebook et comment s\u2019y prendre ?<\/a><\/li>\n\t<\/ul>\n<div>\n<div class=\"font_preload\" style=\"opacity: 0;\"><\/div>\n<\/div>\n\n\n","protected":false},"excerpt":{"rendered":"<p>Si vous \u00eates un professionnel de la cr\u00e9ation et que vous souhaitez \u00eatre reconnu dans votre domaine, disposer d\u2019une plateforme o\u00f9 vous pouvez pr\u00e9senter vos r\u00e9alisations est essentiel. Choisir parmi les diff\u00e9rents r\u00e9seaux sociaux disponibles peut \u00eatre difficile, mais l\u2019une des meilleures solutions est sans conteste la cr\u00e9ation d\u2019une page Behance. Dans cet article, nous [&hellip;]<\/p>\n","protected":false},"author":14,"featured_media":3283,"parent":3187,"menu_order":3,"comment_status":"closed","ping_status":"closed","template":"","meta":{"_seopress_robots_primary_cat":"","_seopress_titles_title":"Cr\u00e9er une page d\u2019entreprise Behance %%sep%% %%sitetitle%%","_seopress_titles_desc":"Optimisez la visibilit\u00e9 de votre entreprise en d\u00e9couvrant pourquoi la cr\u00e9ation d&#039;une page sur Behance est essentielle dans le monde digital actuel.","_seopress_robots_index":"","footnotes":""},"_links":{"self":[{"href":"https:\/\/le-lodge.fr\/conseil\/wp-json\/wp\/v2\/pages\/3282"}],"collection":[{"href":"https:\/\/le-lodge.fr\/conseil\/wp-json\/wp\/v2\/pages"}],"about":[{"href":"https:\/\/le-lodge.fr\/conseil\/wp-json\/wp\/v2\/types\/page"}],"author":[{"embeddable":true,"href":"https:\/\/le-lodge.fr\/conseil\/wp-json\/wp\/v2\/users\/14"}],"replies":[{"embeddable":true,"href":"https:\/\/le-lodge.fr\/conseil\/wp-json\/wp\/v2\/comments?post=3282"}],"version-history":[{"count":2,"href":"https:\/\/le-lodge.fr\/conseil\/wp-json\/wp\/v2\/pages\/3282\/revisions"}],"predecessor-version":[{"id":3285,"href":"https:\/\/le-lodge.fr\/conseil\/wp-json\/wp\/v2\/pages\/3282\/revisions\/3285"}],"up":[{"embeddable":true,"href":"https:\/\/le-lodge.fr\/conseil\/wp-json\/wp\/v2\/pages\/3187"}],"wp:featuredmedia":[{"embeddable":true,"href":"https:\/\/le-lodge.fr\/conseil\/wp-json\/wp\/v2\/media\/3283"}],"wp:attachment":[{"href":"https:\/\/le-lodge.fr\/conseil\/wp-json\/wp\/v2\/media?parent=3282"}],"curies":[{"name":"wp","href":"https:\/\/api.w.org\/{rel}","templated":true}]}}