{"id":3052,"date":"2023-09-05T13:56:35","date_gmt":"2023-09-05T11:56:35","guid":{"rendered":"https:\/\/le-lodge.fr\/conseil\/?page_id=3052"},"modified":"2024-05-03T11:29:46","modified_gmt":"2024-05-03T09:29:46","slug":"definition-fonctionnement","status":"publish","type":"page","link":"https:\/\/le-lodge.fr\/conseil\/domiciliation-entreprise\/bureau-virtuel\/definition-fonctionnement\/","title":{"rendered":"Le bureau virtuel : d\u00e9finition et fonctionnement."},"content":{"rendered":"<p><span style=\"font-size: 18pt;\">A l\u2019\u00e8re de la d\u00e9mat\u00e9rialisation, de plus en plus d\u2019entreprises font appel \u00e0 <a href=\"https:\/\/le-lodge.fr\/conseil\/domiciliation-entreprise\/bureau-virtuel\/\">un bureau virtuel<\/a>. Fini le temps des b\u00e2timents qui abritaient des bureaux uniques et qui disposaient de leurs propres documents. En plein essor, le bureau virtuel s\u00e9duit de plus en plus mais savez-vous exactement qu\u2019est<strong> un bureau virtuel<\/strong> et les avantages qu\u2019il peut vous apporter ? D\u00e9couvrez toutes les informations sur ce tout nouveau mode de travail.<\/span><\/p>\n\n<div class=\"su-youtube su-u-responsive-media-yes\"><iframe loading=\"lazy\" width=\"600\" height=\"400\" src=\"https:\/\/www.youtube.com\/embed\/0yEzrt8woNc?\" frameborder=\"0\" allowfullscreen allow=\"autoplay; encrypted-media; picture-in-picture\" title=\"\"><\/iframe><\/div>\n<h2>Qu\u2019est-ce qu\u2019un bureau virtuel\u00a0?<\/h2>\n<p>Le <strong>bureau virtuel appel\u00e9 \u00e9galement Daas<\/strong> (Desktop As A service) ou VDI (Virtual Desktop Infastructure) est un service permettant de g\u00e9rer son entreprise et ses donn\u00e9es depuis un espace 100% digitalis\u00e9 et d\u00e9mat\u00e9rialis\u00e9. Gr\u00e2ce \u00e0 un Cloud et un serveur d\u00e9di\u00e9 virtuel, il est accessible \u00e0 distance, \u00e0 partir d\u2019un ordinateur ou d\u2019un t\u00e9l\u00e9phone connect\u00e9, par n\u2019importe quel utilisateur qui dispose de l\u2019acc\u00e8s s\u00e9curis\u00e9.<\/p>\n<p>Ce bureau virtuel est compos\u00e9 de plusieurs <strong>applications Web<\/strong> comme <strong>Dropbox<\/strong>, <strong>Slack<\/strong>, <strong>Microsoft<\/strong> <strong>Teams<\/strong> ou encore <strong>Google Drive<\/strong>, etc. Il permet de faciliter la communication entre les diff\u00e9rents collaborateurs de votre entreprise mais \u00e9galement de disposer d\u2019un espace de stockage pour vos diff\u00e9rents documents relatifs \u00e0 l\u2019organisation de votre entreprise comme votre comptabilit\u00e9 ou encore vos fichiers et documents.<\/p>\n<p>Ce nouveau mode de travail a \u00e9t\u00e9 rendu possible notamment par <a href=\"https:\/\/le-lodge.fr\/conseil\/domiciliation-entreprise\/\">les soci\u00e9t\u00e9s de domiciliation<\/a>. Il permet de disposer d\u2019une adresse physique pour le si\u00e8ge social de votre entreprise sans les frais on\u00e9reux d\u2019une location de <strong>locaux<\/strong> et de personnel <strong>administratif<\/strong>. Ce service en ligne peut vous faire \u00e9galement b\u00e9n\u00e9ficier de diff\u00e9rentes options comme la r\u00e9exp\u00e9dition et la mise en ligne de votre courrier ou encore la location de salles de r\u00e9union. Il am\u00e9liore la <strong>gestion<\/strong> de votre entreprise et le <strong>confort<\/strong> de vos utilisateurs.<\/p>\n<p>\u00a0<\/p>\n<p style=\"text-align: center; font-size: 18pt;\"><b>Vous souhaitez utiliser un bureau virtuel ?<br>\nContactez le Lodge, votre centre d\u2019affaires \u00e0 Strasbourg !<\/b><\/p>\n<p style=\"text-align: center;\">Location de salles de r\u00e9union et bureaux avec ou sans domiciliation et espaces de r\u00e9ception.<\/p>\n<p style=\"text-align: center;\"><div class=\"su-button-center\"><span data-atc=\"aHR0cHM6Ly9sZS1sb2RnZS5mci9jb250YWN0ZXotbm91cy8=\" class=\"su-button su-button-style-flat atc pop\" style=\" cursor: pointer; color:#FFFFFF;background-color:#FF503D;border-color:;0px;\" target=\"_blank\" rel=\"noopener noreferrer\">\r\n\t\r\n\t\r\n\t<span style=\";padding:8px 26px;font-size:20px;line-height:30px;border-color:;border-radius:0px;-moz-border-radius:0px;-webkit-border-radius:0px;text-shadow:none;-moz-text-shadow:none;-webkit-text-shadow:none;background-color: #FF503D; color:#FFFFFF !important\"> <i class=\"sui sui-pencil-square-o\" style=\"\" aria-label=\"\"><\/i>Envoyer ma demande <\/span>\r\n\r\n<\/span><\/div>\n<p>\u00a0<\/p>\n<p><img loading=\"lazy\" decoding=\"async\" class=\"size-full wp-image-1319 aligncenter\" src=\"https:\/\/le-lodge.fr\/conseil\/wp-content\/uploads\/2022\/01\/recherche_fournisseurs.jpg\" alt=\"Professionnel \u00e0 la recherche du bon fournisseur\" width=\"800\" height=\"533\" srcset=\"https:\/\/le-lodge.fr\/conseil\/wp-content\/uploads\/2022\/01\/recherche_fournisseurs.jpg 800w, https:\/\/le-lodge.fr\/conseil\/wp-content\/uploads\/2022\/01\/recherche_fournisseurs-768x512.jpg 768w, https:\/\/le-lodge.fr\/conseil\/wp-content\/uploads\/2022\/01\/recherche_fournisseurs-736x491.jpg 736w\" sizes=\"(max-width: 800px) 100vw, 800px\" \/><\/p>\n<h2>Comment fonctionnent les bureaux virtuels ?<\/h2>\n<p>Pour b\u00e9n\u00e9ficier de bureaux virtuels, s\u00e9lectionnez en premier lieu le secteur g\u00e9ographique o\u00f9 vous souhaitez faire domicilier votre entreprise. Vous recherchez en centre-ville, en p\u00e9riph\u00e9rie ou en quartier d\u2019affaires\u00a0? Sachez que le prix de votre domiciliation va d\u00e9pendre de l\u2019adresse que vous choisissez, certaines \u00e9tant vraiment prestigieuses.<\/p>\n<p>L\u2019adresse s\u00e9lectionn\u00e9e, choisissez ensuite l\u2019offre adapt\u00e9e \u00e0 votre besoin et votre entreprise. Il existe de nombreuses entreprises sp\u00e9cialis\u00e9es dans la domiciliation et elles vous proposeront des services diff\u00e9rents.<\/p>\n<div class=\"sue-panel\" data-url=\"\" data-target=\"self\" style=\"background-color:#ffffff;color:#FF503D;border-radius:3px;-moz-border-radius:3px;-webkit-border-radius:3px;box-shadow:0px 1px 2px #eeeeee;-moz-box-shadow:0px 1px 2px #eeeeee;-webkit-box-shadow:0px 1px 2px #eeeeee;border:1px solid #FF503D\"><div class=\"sue-panel-content sue-content-wrap\" style=\"padding:15px;text-align:center\"><strong>Bon \u00e0 savoir\u00a0:<\/strong> La domiciliation d\u2019entreprise est encadr\u00e9e juridiquement par le d\u00e9cret du 5 d\u00e9cembre 1985. De plus faite bien attention que la soci\u00e9t\u00e9 de domiciliation soit immatricul\u00e9e au RCS (registre du commerce et des soci\u00e9t\u00e9s) et dispose bien d\u2019un agr\u00e9ment pr\u00e9fectoral.<\/div><\/div>\n<p>Vous souhaitez b\u00e9n\u00e9ficier d\u2019un bureau virtuel\u00a0? Retrouvez toutes les d\u00e9marches \u00e0 effectuer dans notre article \u00ab\u00a0Comment b\u00e9n\u00e9ficier d\u2019un bureau virtuel\u00a0\u00bb.<\/p>\n<p><img loading=\"lazy\" decoding=\"async\" class=\"size-full wp-image-1317 aligncenter\" src=\"https:\/\/le-lodge.fr\/conseil\/wp-content\/uploads\/2022\/01\/services.jpg\" alt=\"professionnel qui profite des services li\u00e9s au bureau virtuel\" width=\"800\" height=\"400\" srcset=\"https:\/\/le-lodge.fr\/conseil\/wp-content\/uploads\/2022\/01\/services.jpg 800w, https:\/\/le-lodge.fr\/conseil\/wp-content\/uploads\/2022\/01\/services-768x384.jpg 768w\" sizes=\"(max-width: 800px) 100vw, 800px\" \/><\/p>\n<h2>Les avantages d\u2019un bureau virtuel<\/h2>\n<p>De nombreux avantages poussent les entrepreneurs \u00e0 se tourner vers la solution du bureau virtuel. Voici les 3 principaux\u00a0:<\/p>\n<div class=\"su-list\" style=\"margin-left:10px\">\n<ul>\n<li><i class=\"sui sui-minus\" style=\"color:#FF503D\"><\/i> La <strong>r\u00e9duction des co\u00fbts<\/strong>. Les services \u00e0 distance sont plus \u00e9conomiques que de louer des bureaux \u00e0 l\u2019ann\u00e9e.<\/li>\n<li><i class=\"sui sui-minus\" style=\"color:#FF503D\"><\/i> L\u2019accessibilit\u00e9. Gr\u00e2ce \u00e0 une simple connexion Internet, vous pouvez vous y connecter selon votre point d\u2019acc\u00e8s \u00e0 la maison ou ailleurs.<\/li>\n<li><i class=\"sui sui-minus\" style=\"color:#FF503D\"><\/i> La <strong>flexibilit\u00e9<\/strong>. Vous pouvez g\u00e9rer l\u2019ensemble de vos t\u00e2ches sur votre bureau virtuel, pour \u00eatre flexible tout au long de la journ\u00e9e.<\/li>\n<\/ul>\n<\/div>\n<\/p><p>Pour conna\u00eetre les autres avantages mais aussi les inconv\u00e9nients li\u00e9s au bureau virtuel, n\u2019h\u00e9sitez pas \u00e0 consulter notre article \u00ab Les avantages et les inconv\u00e9nients d\u2019un bureau virtuel \u00bb.<\/p>\n<h2><span style=\"color: #ff503d;\">L\u2019essentiel \u00e0 retenir<\/span><\/h2>\n<div class=\"su-list\" style=\"margin-left:10px\">\n<ol>\n<li><i class=\"sui sui-star\" style=\"color:#FF503D\"><\/i> Le bureau virtuel est une <strong>solution<\/strong> \u00e0 long terme pour les entrepreneurs ou auto-entrepreneurs qui souhaitent g\u00e9rer leur<strong> entreprise \u00e0 distance<\/strong>.<\/li>\n<li><i class=\"sui sui-star\" style=\"color:#FF503D\"><\/i> L\u2019acc\u00e8s \u00e0 un <strong>DAAS<\/strong> (autre nom du bureau virtuel) est possible gr\u00e2ce au d\u00e9veloppement de la <strong>domiciliation<\/strong>.<\/li>\n<li><i class=\"sui sui-star\" style=\"color:#FF503D\"><\/i> Il est plus <strong>\u00e9conomique<\/strong> que la location de bureaux tout en vous faisant b\u00e9n\u00e9ficier de nombreux services administratifs comme la gestion de votre courrier.<\/li>\n<li><i class=\"sui sui-star\" style=\"color:#FF503D\"><\/i> Gr\u00e2ce \u00e0 une simple connexion Internet, tous vos utilisateurs pourront se connecter et \u00e9changer sur l\u2019espace du VDI (Virtual Desktop Infastructure) pour une <strong>accessibilit\u00e9<\/strong> et une <strong>flexibilit\u00e9<\/strong> assur\u00e9es\u00a0!<\/li>\n<\/ol>\n<\/div>\n<\/p><p>\u00a0<\/p>\n<div class=\"su-spacer\" style=\"height:100px\"><\/div><br>\n<div class=\"su-heading su-heading-style-line-blue su-heading-align-center\" id=\"\" style=\"font-size:16px;margin-bottom:0px\"><div class=\"su-heading-inner\">\n<h5><span class=\"su-highlight\" style=\"background:#FF503D;color:#ffffff\">&nbsp;<span style=\"font-weight: 400;\">Ces articles devraient aussi vous int\u00e9resser<\/span>&nbsp;<\/span><\/h5>\n<\/div><\/div><br>\n<div class=\"su-spacer\" style=\"height:50px\"><\/div><br>\n<ul class=\"cs-samelevel-posts\">\n\t\t\t<li><a href=\"https:\/\/le-lodge.fr\/conseil\/domiciliation-entreprise\/bureau-virtuel\/beneficier\/\"> Comment b\u00e9n\u00e9ficier d\u2019un bureau virtuel ?<\/a><\/li>\n\t<\/ul>\n\n\n","protected":false},"excerpt":{"rendered":"<p>A l\u2019\u00e8re de la d\u00e9mat\u00e9rialisation, de plus en plus d\u2019entreprises font appel \u00e0 un bureau virtuel. Fini le temps des b\u00e2timents qui abritaient des bureaux uniques et qui disposaient de leurs propres documents. En plein essor, le bureau virtuel s\u00e9duit de plus en plus mais savez-vous exactement qu\u2019est un bureau virtuel et les avantages qu\u2019il [&hellip;]<\/p>\n","protected":false},"author":1,"featured_media":1316,"parent":1294,"menu_order":1,"comment_status":"closed","ping_status":"closed","template":"","meta":{"_seopress_robots_primary_cat":"","_seopress_titles_title":"","_seopress_titles_desc":"Le bureau virtuel est la solution moderne pour les entrepreneurs qui souhaitent g\u00e9rer leur entreprise \u00e0 distance. D\u00e9couvrez ce qu&#039;est un bureau virtuel !","_seopress_robots_index":"","footnotes":""},"_links":{"self":[{"href":"https:\/\/le-lodge.fr\/conseil\/wp-json\/wp\/v2\/pages\/3052"}],"collection":[{"href":"https:\/\/le-lodge.fr\/conseil\/wp-json\/wp\/v2\/pages"}],"about":[{"href":"https:\/\/le-lodge.fr\/conseil\/wp-json\/wp\/v2\/types\/page"}],"author":[{"embeddable":true,"href":"https:\/\/le-lodge.fr\/conseil\/wp-json\/wp\/v2\/users\/1"}],"replies":[{"embeddable":true,"href":"https:\/\/le-lodge.fr\/conseil\/wp-json\/wp\/v2\/comments?post=3052"}],"version-history":[{"count":6,"href":"https:\/\/le-lodge.fr\/conseil\/wp-json\/wp\/v2\/pages\/3052\/revisions"}],"predecessor-version":[{"id":3522,"href":"https:\/\/le-lodge.fr\/conseil\/wp-json\/wp\/v2\/pages\/3052\/revisions\/3522"}],"up":[{"embeddable":true,"href":"https:\/\/le-lodge.fr\/conseil\/wp-json\/wp\/v2\/pages\/1294"}],"wp:featuredmedia":[{"embeddable":true,"href":"https:\/\/le-lodge.fr\/conseil\/wp-json\/wp\/v2\/media\/1316"}],"wp:attachment":[{"href":"https:\/\/le-lodge.fr\/conseil\/wp-json\/wp\/v2\/media?parent=3052"}],"curies":[{"name":"wp","href":"https:\/\/api.w.org\/{rel}","templated":true}]}}