{"id":2119,"date":"2022-09-05T10:03:00","date_gmt":"2022-09-05T08:03:00","guid":{"rendered":"https:\/\/le-lodge.fr\/conseil\/?page_id=2119"},"modified":"2023-02-01T15:05:28","modified_gmt":"2023-02-01T14:05:28","slug":"brainstorming","status":"publish","type":"page","link":"https:\/\/le-lodge.fr\/conseil\/salle-reunion\/organiser\/types\/brainstorming\/","title":{"rendered":"\u00c0 la recherche d\u2019une r\u00e9union cr\u00e9ative ? D\u00e9couvrez la technique du brainstorming et ses bienfaits"},"content":{"rendered":"<p><span style=\"font-size: 18pt;\">Manager, vous \u00eates \u00e0 la recherche d\u2019une <strong>r\u00e9union cr\u00e9ative et stimulante<\/strong> ? Vous avez pour ambition de rendre vos rendez-vous plus efficaces et surtout plus innovants ? Nous avons la solution id\u00e9ale pour booster votre \u00e9quipe et en faire profiter toute votre entreprise ! Parmi tous <a href=\"https:\/\/le-lodge.fr\/conseil\/salle-reunion\/organiser\/types\/\">les types de r\u00e9unions existants<\/a>, il y en a un qui tire son \u00e9pingle du jeu : le brainstorming. Peut-\u00eatre en avez-vous d\u00e9j\u00e0 entendu parler ? Si ce n\u2019est pas le cas ou si vous souhaitez tout simplement en apprendre davantage \u00e0 ce sujet, vous \u00eates au bon endroit. Le centre d\u2019affaires le Lodge vous d\u00e9voile tout ce qu\u2019il faut savoir \u00e0 ce sujet : <strong>qu\u2019est-ce qu\u2019un brainstorming<\/strong>\u00a0? <strong>Comment se d\u00e9roule ce type de r\u00e9union<\/strong>\u00a0? Quels sont les conseils \u00e0 conna\u00eetre pour r\u00e9ussir votre s\u00e9ance\u00a0avec brio ? <strong>D\u00e9finition<\/strong>, <strong>m\u00e9thodes<\/strong>, <strong>secrets<\/strong>\u2026 On vous dit tout dans la suite de cet article\u00a0!<\/span><br>\n\n<p class=\"p1\"><div class=\"su-youtube su-u-responsive-media-yes\"><iframe loading=\"lazy\" width=\"600\" height=\"400\" src=\"https:\/\/www.youtube.com\/embed\/acFwpspAGsQ?\" frameborder=\"0\" allowfullscreen allow=\"autoplay; encrypted-media; picture-in-picture\" title=\"\"><\/iframe><\/div>\n<h2>Que se cache-t-il derri\u00e8re le terme brainstorming\u00a0?<\/h2>\n<p><img loading=\"lazy\" decoding=\"async\" class=\"size-full wp-image-2154 aligncenter\" src=\"https:\/\/le-lodge.fr\/conseil\/wp-content\/uploads\/2022\/07\/idees.jpg\" alt=\"illustration montrant une ampoule et des pi\u00e8ces de puzzle qui cr\u00e9ent des id\u00e9es\" width=\"800\" height=\"444\" srcset=\"https:\/\/le-lodge.fr\/conseil\/wp-content\/uploads\/2022\/07\/idees.jpg 800w, https:\/\/le-lodge.fr\/conseil\/wp-content\/uploads\/2022\/07\/idees-768x426.jpg 768w\" sizes=\"(max-width: 800px) 100vw, 800px\" \/><\/p>\n<p>Au premier abord, le mot <strong>brainstorming<\/strong> peut \u00eatre d\u00e9routant surtout si vous n\u2019avez pas l\u2019habitude de rencontrer des termes anglais. Nous pouvons le traduire de diff\u00e9rentes fa\u00e7ons\u00a0: <strong>temp\u00eate de cerveau<\/strong> ou encore <strong>remue-m\u00e9ninges<\/strong>. N\u2019ayez pas peur, cette technique n\u2019a pas \u00e9t\u00e9 mise en place pour vous rendre fou, mais plut\u00f4t pour laisser la place \u00e0 votre <strong>r\u00e9flexion<\/strong> et votre <strong>cr\u00e9ativit\u00e9<\/strong>.<\/p>\n<p>Pour vous donner une d\u00e9finition plus concr\u00e8te, le brainstorming est une <strong>technique participative<\/strong> qui permet \u00e0 un groupe de <strong>trouver des id\u00e9es<\/strong> qui aboutiront \u00e0 des solutions pour<strong> r\u00e9soudre<\/strong> <strong>un probl\u00e8me<\/strong>. Ce qui est recherch\u00e9 \u00e0 travers cette m\u00e9thode c\u2019est la spontan\u00e9it\u00e9 des id\u00e9es de chacun.<\/p>\n<p>Il est possible de r\u00e9aliser un brainstorming pour diverses raisons\u00a0: <strong>mise en place d\u2019un nouveau projet<\/strong>, <strong>lancement d\u2019un produit<\/strong>, <strong>nouvelle strat\u00e9gie de communication<\/strong>, etc. Le but est de trouver en commun la meilleure solution !<\/p>\n<p style=\"text-align: center; font-size: 18pt;\"><b>Vous souhaitez louer une salle de r\u00e9union pour organiser un brainstorming ? Contactez le Lodge, votre centre d\u2019affaires \u00e0 Strasbourg !<\/b><\/p>\n<p style=\"text-align: center;\">Location de salles de r\u00e9union et bureaux avec ou sans domiciliation et espaces de r\u00e9ception.<\/p>\n<p style=\"text-align: center;\"><div class=\"su-button-center\"><span data-atc=\"aHR0cHM6Ly9sZS1sb2RnZS5mci9jb250YWN0ZXotbm91cy8=\" class=\"su-button su-button-style-flat atc pop\" style=\" cursor: pointer; color:#FFFFFF;background-color:#FF503D;border-color:;0px;\" target=\"_blank\" rel=\"noopener noreferrer\">\r\n\t\r\n\t\r\n\t<span style=\";padding:8px 26px;font-size:20px;line-height:30px;border-color:;border-radius:0px;-moz-border-radius:0px;-webkit-border-radius:0px;text-shadow:none;-moz-text-shadow:none;-webkit-text-shadow:none;background-color: #FF503D; color:#FFFFFF !important\"> <i class=\"sui sui-pencil-square-o\" style=\"\" aria-label=\"\"><\/i>Envoyer ma demande <\/span>\r\n\r\n<\/span><\/div>\n<h2>Nos 6 conseils pour r\u00e9ussir une session de brainstorming\u00a0haut la main<\/h2>\n<p>\u00c7a y est, vous \u00eates pr\u00eat \u00e0 sortir de votre zone de confort et \u00e0 opter pour un mod\u00e8le plus participatif\u00a0? Le centre d\u2019affaires le Lodge vous pr\u00e9sente <strong>6<\/strong> pr\u00e9cieux <strong>conseils <\/strong>qui vous seront d\u2019une grande aide pour <strong>mettre en place une session de brainstorming <\/strong>et surtout la rendre efficace. D\u00e9couvrez-les sans plus attendre\u00a0!<\/p>\n<h3>1<sup>er<\/sup> conseil\u00a0: Choisir et pr\u00e9parer les participants<\/h3>\n<p><img loading=\"lazy\" decoding=\"async\" class=\"size-full wp-image-2155 aligncenter\" src=\"https:\/\/le-lodge.fr\/conseil\/wp-content\/uploads\/2022\/07\/equipe.jpg\" alt=\"collaborateurs qui r\u00e9alisent une r\u00e9union\" width=\"800\" height=\"217\" srcset=\"https:\/\/le-lodge.fr\/conseil\/wp-content\/uploads\/2022\/07\/equipe.jpg 800w, https:\/\/le-lodge.fr\/conseil\/wp-content\/uploads\/2022\/07\/equipe-768x208.jpg 768w\" sizes=\"(max-width: 800px) 100vw, 800px\" \/><\/p>\n<p>Avant de mettre en place votre session de brainstorming, il sera n\u00e9cessaire de <strong>choisir <\/strong>les<strong> collaborateurs<\/strong> qui y participeront. Nous vous recommandons de rassembler <strong>maximum 10 personnes<\/strong> et de privil\u00e9gier des <strong>participants volontaires<\/strong> qui poss\u00e8dent un <strong>lien direct avec la probl\u00e9matique<\/strong>. C\u2019est fait\u00a0? Vous avez r\u00e9uni votre \u00e9quipe\u00a0?<\/p>\n<p>Ensuite, rien de plus simple\u00a0: il faut leur <strong>expliquer le but de votre r\u00e9union<\/strong> et pr\u00e9senter clairement le probl\u00e8me qui sera \u00e9tudi\u00e9. Il est conseill\u00e9 de r\u00e9aliser ce travail en amont du rendez-vous pour permettre \u00e0 chacun d\u2019\u00eatre pr\u00eat le jour J.<\/p>\n<p>Ne n\u00e9gligez pas cette <strong>phase de pr\u00e9paration<\/strong> qui aura un impact direct sur la r\u00e9ussite de votre point professionnel. En effet, il est essentiel que chaque collaborateur soit bien inform\u00e9 sur le d\u00e9roulement de votre r\u00e9union (<strong>sujet<\/strong>, <strong>objectif<\/strong>,<strong> attente<\/strong>, etc.) pour qu\u2019il puisse \u00eatre op\u00e9rationnel au moment venu.<\/p>\n<h3>2<sup>\u00e8me<\/sup> conseil\u00a0: Choisir une salle et du mat\u00e9riel adapt\u00e9<\/h3>\n<p>Int\u00e9ressons-nous \u00e0 un deuxi\u00e8me point tr\u00e8s important et qui est pourtant souvent n\u00e9glig\u00e9\u00a0: le <strong>choix de la salle et du mat\u00e9riel<\/strong>.<\/p>\n<p>R\u00e9aliser une session de brainstorming, ce n\u2019est pas simplement r\u00e9unir une \u00e9quipe dans une salle de r\u00e9union. Il est important de rassembler les collaborateurs au sein d\u2019une <strong>pi\u00e8ce adapt\u00e9e<\/strong> et<strong> bien \u00e9quip\u00e9e<\/strong>. Ainsi, nous vous recommandons de vous int\u00e9resser au <strong>confort du lieu<\/strong> sans oublier le mat\u00e9riel qui la compose. N\u2019h\u00e9sitez pas \u00e0<strong> louer <\/strong>une <strong>salle de r\u00e9union externe<\/strong> \u00e0 votre \u00e9tablissement pour vous assurer de donner un <strong>souffle nouveau<\/strong> \u00e0 votre rendez-vous.<\/p>\n<p>Pour r\u00e9ussir une r\u00e9union cr\u00e9ative, il est primordial d\u2019avoir des <strong>\u00e9quipements fiables<\/strong>, mais lesquels privil\u00e9gier\u00a0? Voici nos id\u00e9es\u00a0:<br>\n<div class=\"su-list\" style=\"margin-left:10px\">\n<ul>\n<li><i class=\"sui sui-minus\" style=\"color:#FF503D\"><\/i> Choisir de pr\u00e9f\u00e9rence une <strong>grande table ronde<\/strong> pour que tous les participants puissent se voir et \u00e9changer.<\/li>\n<li><i class=\"sui sui-minus\" style=\"color:#FF503D\"><\/i> Privil\u00e9gier une salle \u00e9quip\u00e9e d\u2019un <strong>vid\u00e9o projecteur <\/strong>pour vos pr\u00e9sentations.<\/li>\n<li><i class=\"sui sui-minus\" style=\"color:#FF503D\"><\/i> Pr\u00e9f\u00e9rer une pi\u00e8ce \u00e9quip\u00e9e d\u2019un grand <strong>tableau blanc ou interactif<\/strong> pour noter les id\u00e9es.<\/li>\n<li><i class=\"sui sui-minus\" style=\"color:#FF503D\"><\/i> Amener des <strong>post-its<\/strong>, du <strong>papier<\/strong>, des <strong>feutres <\/strong>pour que chacun puisse s\u2019exprimer.<\/li>\n<\/ul>\n<\/div><br>\nTout ce que vous jugerez important, apportez-le avec vous le jour J.\u00a0Nous vous conseillons de mener une session de brainstorming par \u00e9crit \u00e0 l\u2019aide de post-its ou d\u2019une autre technique, selon vos envies. Ainsi, chacun pourra s\u2019exprimer sans se sentir jug\u00e9 ou mal \u00e0 l\u2019aise.<\/p>\n<h3>3<sup>\u00e8me<\/sup> conseil\u00a0: Fixer les r\u00e8gles cl\u00e9s du brainstorming<\/h3>\n<p><img loading=\"lazy\" decoding=\"async\" class=\"size-full wp-image-2156 aligncenter\" src=\"https:\/\/le-lodge.fr\/conseil\/wp-content\/uploads\/2022\/07\/team.jpg\" alt=\"Collaborateurs qui partagent un moment en \u00e9quipe\" width=\"800\" height=\"343\" srcset=\"https:\/\/le-lodge.fr\/conseil\/wp-content\/uploads\/2022\/07\/team.jpg 800w, https:\/\/le-lodge.fr\/conseil\/wp-content\/uploads\/2022\/07\/team-768x329.jpg 768w\" sizes=\"(max-width: 800px) 100vw, 800px\" \/><\/p>\n<p>Vous avez choisi la salle qui accueillera votre \u00e9quipe\u00a0? Il est l\u2019heure de vous y rendre pour d\u00e9buter votre r\u00e9union cr\u00e9ative\u00a0!<\/p>\n<p>Avant de pr\u00e9senter le sujet du jour, nous vous recommandons de pr\u00e9ciser que vous avez opt\u00e9 pour une r\u00e9union diff\u00e9rente\u00a0: une <strong>session participative et cr\u00e9ative<\/strong>. N\u2019h\u00e9sitez pas \u00e0 faire une courte pr\u00e9sentation sur la technique du brainstorming pour mettre vos participants dans le bain et les rassurer. Ensuite, il sera tr\u00e8s utile de rappeler les<strong> r\u00e8gles d\u2019or du brainstorming<\/strong> que voici\u00a0:<br>\n<div class=\"su-list\" style=\"margin-left:10px\">\n<ul>\n<li><i class=\"sui sui-minus\" style=\"color:#FF503D\"><\/i> <strong>Chaque id\u00e9e est importante<\/strong> et sera partag\u00e9e sans qu\u2019aucun participant n\u2019\u00e9mette un jugement. Cependant, il est possible de compl\u00e9ter ou de rebondir sur l\u2019id\u00e9e \u00e9voqu\u00e9e.<\/li>\n<li><i class=\"sui sui-minus\" style=\"color:#FF503D\"><\/i> <strong>Chaque collaborateur a le droit de s\u2019exprimer<\/strong> et de laisser libre cours \u00e0 son imagination.<\/li>\n<li><i class=\"sui sui-minus\" style=\"color:#FF503D\"><\/i> L\u2019<strong>animateur <\/strong>ou le manager se doit de <strong>veiller <\/strong>au <strong>bon d\u00e9roul\u00e9 du rendez-vous<\/strong> pour que celui-ci ne se transforme pas en d\u00e9bat par exemple.<\/li>\n<li><i class=\"sui sui-minus\" style=\"color:#FF503D\"><\/i> Toutes les personnes doivent <strong>respecter les r\u00e8gles du jeu<\/strong> pour que celui-ci se d\u00e9roule au mieux et apporte les r\u00e9sultats escompt\u00e9s.<\/li>\n<\/ul>\n<\/div>\n<h3>4<sup>\u00e8me<\/sup> conseil\u00a0: Pr\u00e9senter le sujet de mani\u00e8re claire et concise<\/h3>\n<p>Les r\u00e8gles sont fix\u00e9es\u00a0? Il est temps de rentrer dans le vif du sujet et d\u2019<strong>introduire votre rendez-vous<\/strong>.<\/p>\n<p>Si vous avez suivi notre premier conseil, vos collaborateurs connaissent d\u00e9j\u00e0 le sujet qui sera trait\u00e9. Cependant, il est important de r\u00e9aliser un rappel lors de l\u2019ouverture de votre session de brainstorming.<\/p>\n<p>En tant qu\u2019<strong>animateur<\/strong>, vous devrez faire un <strong>point clair et concis sur le contexte<\/strong>\u00a0: la <strong>probl\u00e9matique<\/strong> trait\u00e9e, les <strong>objectifs<\/strong>, les <strong>r\u00e8gles <\/strong>et <strong>\u00e9tapes <\/strong>du rendez-vous, etc. Avant de d\u00e9buter la r\u00e9flexion de groupe, vous devez vous assurer que tous les participants ont assimil\u00e9 le probl\u00e8me et vos attentes. Lorsque c\u2019est fait, le groupe de travail disposera de tous les \u00e9l\u00e9ments pour d\u00e9marrer cette r\u00e9union cr\u00e9ative\u00a0!<\/p>\n<p>Pour bien commencer votre session, il est possible de mettre en place un petit <strong>exercice<\/strong> pour <strong>stimuler la cr\u00e9ativit\u00e9<\/strong> de chacun. C\u2019est un \u00e9chauffement avant d\u2019entrer r\u00e9ellement dans le vif du sujet. Qu\u2019en dites-vous\u00a0? \u00cates-vous pr\u00eat \u00e0 d\u00e9couvrir les id\u00e9es de vos collaborateurs\u00a0?<strong>\u00a0<\/strong><\/p>\n<h3>5\u00e8me conseil\u00a0: Chaque id\u00e9e est importante\u00a0!<\/h3>\n<p><img loading=\"lazy\" decoding=\"async\" class=\"size-full wp-image-2157 aligncenter\" src=\"https:\/\/le-lodge.fr\/conseil\/wp-content\/uploads\/2022\/07\/table.jpg\" alt=\"Professionnels qui rassemblent des id\u00e9es sur une table\" width=\"800\" height=\"533\" srcset=\"https:\/\/le-lodge.fr\/conseil\/wp-content\/uploads\/2022\/07\/table.jpg 800w, https:\/\/le-lodge.fr\/conseil\/wp-content\/uploads\/2022\/07\/table-768x512.jpg 768w, https:\/\/le-lodge.fr\/conseil\/wp-content\/uploads\/2022\/07\/table-736x491.jpg 736w\" sizes=\"(max-width: 800px) 100vw, 800px\" \/><\/p>\n<p>La m\u00e9thode de <strong>brainstorming<\/strong> peut r\u00e9ellement d\u00e9marrer\u00a0! Pour ce faire, nous vous recommandons d\u2019<strong>\u00e9crire<\/strong> sur un grand papier ou sur un tableau la <strong>probl\u00e9matique <\/strong>pour que chaque participant puisse l\u2019avoir sous les yeux. Ensuite, <strong>distribuez le mat\u00e9riel<\/strong> n\u00e9cessaire pour que chacun puisse s\u2019exprimer\u00a0: <strong>feutres<\/strong>, <strong>post-it<\/strong>, etc.<\/p>\n<p>La phase cr\u00e9ative est sur le point de d\u00e9buter. D\u00e8s que chacun dispose des outils n\u00e9cessaires, il peut <strong>exprimer ses id\u00e9es<\/strong> comme elles lui viennent \u00e0 l\u2019esprit \u00e0 l\u2019\u00e9crit. Le but \u00e9tant de <strong>favoriser la spontan\u00e9it\u00e9<\/strong>, il n\u2019y a pas de bonnes ou de mauvaises r\u00e9ponses, mais simplement des axes de r\u00e9flexion.<\/p>\n<p>L\u2019<strong>animateur <\/strong>se charge de <strong>r\u00e9cup\u00e9rer les id\u00e9es<\/strong> de chacun au fur et \u00e0 mesure et de les <strong>placer au centre de la table<\/strong> pour pouvoir \u00e9changer \u00e0 leur sujet par la suite. Gr\u00e2ce \u00e0 la vision de diverses id\u00e9es, d\u2019autres peuvent \u00e9merger ou \u00eatre compl\u00e9t\u00e9es, l\u2019intelligence collective prend alors le pas sur la r\u00e9flexion individuelle.<strong>\u00a0<\/strong><\/p>\n<p>Toutes les id\u00e9es sont au centre de la table ronde\u00a0? Il est l\u2019heure de <strong>r\u00e9aliser un tri<\/strong>. Vous pourrez <strong>rassembler<\/strong> les <strong>id\u00e9es similaires<\/strong> pour n\u2019en garder qu\u2019une seule. Ensuite, vous pourrez aussi <strong>\u00e9liminer<\/strong> les <strong>r\u00e9flexions<\/strong> qui ne r\u00e9pondent pas \u00e0 la probl\u00e9matique ou qui ne sont malheureusement <strong>pas r\u00e9alisables<\/strong>. Attention, c\u2019est une mission \u00e0 faire en groupe, chaque participant a le droit de donner son avis.<\/p>\n<div class=\"su-box su-box-style-default su_custom_zone\" id=\"\" style=\"border-color:#cc1d0a;border-radius:3px\"><div class=\"su-box-title\" style=\"background-color:#FF503D;color:#FFFFFF;border-top-left-radius:1px;border-top-right-radius:1px\">\u00c0 retenir<\/div><div class=\"su-box-content su-u-clearfix su-u-trim\" style=\"border-bottom-left-radius:1px;border-bottom-right-radius:1px\"> L\u2019animateur devra veiller \u00e0 ce que les \u00e9changes restent cordiaux et coh\u00e9rents avec le sujet donn\u00e9 au d\u00e9part.<strong>\u00a0<\/strong><\/div><\/div>\n<h3>6<sup>\u00e8me<\/sup> conseil\u00a0: On passe aux choses s\u00e9rieuses\u00a0!<\/h3>\n<p>Derni\u00e8re \u00e9tape, la plus importante\u00a0: le <strong>choix des id\u00e9es<\/strong> que vous allez garder et d\u00e9velopper\u00a0! Toute l\u2019\u00e9quipe se doit maintenant de choisir parmi toutes les id\u00e9es restantes celles qui paraissent <strong>les plus r\u00e9alisables<\/strong> pour r\u00e9pondre au probl\u00e8me pos\u00e9. Cette \u00e9tape est sans doute la plus difficile, car le groupe de travail doit se mettre d\u2019accord sans jamais perdre de vue le sujet initial. Le but n\u2019est pas de d\u00e9fendre \u00e0 tout prix une id\u00e9e, mais de s\u00e9lectionner ensemble, celles qui peuvent le plus fonctionner.<strong>\u00a0<\/strong><\/p>\n<h2><span style=\"color: #FF503D;\">L\u2019essentiel \u00e0 retenir<\/span><\/h2>\n<div class=\"su-list\" style=\"margin-left:10px\">\n<ol>\n<li><i class=\"sui sui-star\" style=\"color:#FF503D\"><\/i> Le Lodge esp\u00e8re que cet article a pu vous aider \u00e0 savoir <strong>qu\u2019est-ce qu\u2019un brainstorming<\/strong>.<\/li>\n<li><i class=\"sui sui-star\" style=\"color:#FF503D\"><\/i> Le brainstorming est un <strong>processus cr\u00e9atif<\/strong> qui consiste \u00e0 <strong>r\u00e9unir un groupe de travail<\/strong> autour d\u2019une probl\u00e9matique et de <strong>trouver des solutions communes<\/strong> pour la r\u00e9soudre.<\/li>\n<li><i class=\"sui sui-star\" style=\"color:#FF503D\"><\/i> Vous avez pour souhait de r\u00e9aliser une<strong> r\u00e9union <\/strong>plus <strong>cr\u00e9ative et participative<\/strong>\u00a0? Optez pour une <strong>session de brainstorming<\/strong> et vous obtiendrez des r\u00e9sultats positifs sans attendre.<\/li>\n<li><i class=\"sui sui-star\" style=\"color:#FF503D\"><\/i> Vous ignorez comment vous y prendre\u00a0? Il vous suffit de <strong>suivre nos 6 conseils<\/strong> pour r\u00e9ussir avec brio votre nouvelle r\u00e9union\u00a0:\n<ol>\n<li><i class=\"sui sui-star\" style=\"color:#FF503D\"><\/i> Choisir et pr\u00e9parer le groupe de travail<\/li>\n<li><i class=\"sui sui-star\" style=\"color:#FF503D\"><\/i> R\u00e9server une salle et du mat\u00e9riel adapt\u00e9 \u00e0 votre r\u00e9union<\/li>\n<li><i class=\"sui sui-star\" style=\"color:#FF503D\"><\/i> \u00c9voquer les r\u00e8gles cl\u00e9s du brainstorming<\/li>\n<li><i class=\"sui sui-star\" style=\"color:#FF503D\"><\/i> Pr\u00e9senter la probl\u00e9matique et les objectifs<\/li>\n<li><i class=\"sui sui-star\" style=\"color:#FF503D\"><\/i> D\u00e9buter le brainstorming en pr\u00e9sentant les id\u00e9es de chacun<\/li>\n<li><i class=\"sui sui-star\" style=\"color:#FF503D\"><\/i> Conserver les id\u00e9es les plus viables.<\/li>\n<\/ol>\n<\/li>\n<\/ol>\n<\/div>\n<\/p><p>Vous \u00eates d\u00e9sormais pr\u00eat \u00e0 r\u00e9aliser un nouveau genre de r\u00e9union\u00a0! Dites oui \u00e0 la cr\u00e9ativit\u00e9 et surtout \u00e0 l\u2019intelligence collective, vous ne serez pas d\u00e9\u00e7u\u00a0!<\/p>\n<div class=\"su-spacer\" style=\"height:100px\"><\/div><br>\n<div class=\"su-heading su-heading-style-line-blue su-heading-align-center\" id=\"\" style=\"font-size:16px;margin-bottom:0px\"><div class=\"su-heading-inner\">\n<h5><span class=\"su-highlight\" style=\"background:#FF503D;color:#ffffff\">&nbsp;<span style=\"font-weight: 400;\">Ces articles devraient aussi vous int\u00e9resser<\/span>&nbsp;<\/span><\/h5>\n<\/div><\/div><br>\n<div class=\"su-spacer\" style=\"height:50px\"><\/div><br>\n\n<p>\u00a0<\/p>\n\n\n","protected":false},"excerpt":{"rendered":"<p>Manager, vous \u00eates \u00e0 la recherche d\u2019une r\u00e9union cr\u00e9ative et stimulante ? Vous avez pour ambition de rendre vos rendez-vous plus efficaces et surtout plus innovants ? Nous avons la solution id\u00e9ale pour booster votre \u00e9quipe et en faire profiter toute votre entreprise ! Parmi tous les types de r\u00e9unions existants, il y en a [&hellip;]<\/p>\n","protected":false},"author":3,"featured_media":2153,"parent":1956,"menu_order":0,"comment_status":"closed","ping_status":"closed","template":"","meta":{"_seopress_robots_primary_cat":"","_seopress_titles_title":"Qu\u2019est-ce qu\u2019un brainstorming ?","_seopress_titles_desc":"Manager, collaborateur, chef d&#039;entreprise, vous \u00eates \u00e0 la recherche d&#039;une nouvelle mani\u00e8re de dynamiser vos r\u00e9unions ? D\u00e9couvrez le brainstorming et ses forces!","_seopress_robots_index":"","footnotes":""},"_links":{"self":[{"href":"https:\/\/le-lodge.fr\/conseil\/wp-json\/wp\/v2\/pages\/2119"}],"collection":[{"href":"https:\/\/le-lodge.fr\/conseil\/wp-json\/wp\/v2\/pages"}],"about":[{"href":"https:\/\/le-lodge.fr\/conseil\/wp-json\/wp\/v2\/types\/page"}],"author":[{"embeddable":true,"href":"https:\/\/le-lodge.fr\/conseil\/wp-json\/wp\/v2\/users\/3"}],"replies":[{"embeddable":true,"href":"https:\/\/le-lodge.fr\/conseil\/wp-json\/wp\/v2\/comments?post=2119"}],"version-history":[{"count":11,"href":"https:\/\/le-lodge.fr\/conseil\/wp-json\/wp\/v2\/pages\/2119\/revisions"}],"predecessor-version":[{"id":2669,"href":"https:\/\/le-lodge.fr\/conseil\/wp-json\/wp\/v2\/pages\/2119\/revisions\/2669"}],"up":[{"embeddable":true,"href":"https:\/\/le-lodge.fr\/conseil\/wp-json\/wp\/v2\/pages\/1956"}],"wp:featuredmedia":[{"embeddable":true,"href":"https:\/\/le-lodge.fr\/conseil\/wp-json\/wp\/v2\/media\/2153"}],"wp:attachment":[{"href":"https:\/\/le-lodge.fr\/conseil\/wp-json\/wp\/v2\/media?parent=2119"}],"curies":[{"name":"wp","href":"https:\/\/api.w.org\/{rel}","templated":true}]}}