{"id":1403,"date":"2022-02-01T11:37:11","date_gmt":"2022-02-01T10:37:11","guid":{"rendered":"https:\/\/le-lodge.fr\/conseil\/?page_id=1403"},"modified":"2024-07-08T08:13:08","modified_gmt":"2024-07-08T06:13:08","slug":"ameliorer","status":"publish","type":"page","link":"https:\/\/le-lodge.fr\/conseil\/conditions-travail\/effets\/positifs\/ameliorer\/","title":{"rendered":"Les 7 conseils pour am\u00e9liorer durablement les conditions de travail"},"content":{"rendered":"<p><span style=\"font-size: 18pt;\">Vous venez de monter votre propre <strong>entreprise<\/strong> et d\u00e9sirez construire un <strong>environnement de travail sain<\/strong>\u00a0? Vous \u00eates un <strong>chef d\u2019entreprise<\/strong> soucieux du <strong>bien-\u00eatre<\/strong> de vos employ\u00e9s et \u00eates pr\u00eat \u00e0 mettre en place de nouveaux moyens pour <strong>transformer la qualit\u00e9 de vie au travail<\/strong> de vos collaborateurs ? Vous \u00eates <strong>salari\u00e9 <\/strong>et voulez <strong>conna\u00eetre vos droits<\/strong>\u00a0? Qu\u2019importe votre situation, vous \u00eates au bon endroit\u00a0! D\u00e9couvrez <strong>nos conseils<\/strong> pour savoir <strong>comment am\u00e9liorer les conditions de travail<\/strong> et ainsi permettre \u00e0 chaque individu de r\u00e9aliser ses missions dans les meilleures dispositions possibles.<br>\nVous souhaitez en apprendre davantage \u00e0 ce sujet\u00a0? D\u00e9couvrez <a href=\"https:\/\/le-lodge.fr\/conseil\/conditions-travail\/effets\/positifs\/\">quelles sont les bonnes conditions de travail<\/a> pour qu\u2019un employ\u00e9 se sente \u00e9panoui et heureux tout au long de sa <strong>carri\u00e8re professionnelle<\/strong>.<br>\n<\/span><\/p>\n\n<div class=\"su-youtube su-u-responsive-media-yes\"><iframe loading=\"lazy\" width=\"600\" height=\"400\" src=\"https:\/\/www.youtube.com\/embed\/VtQnbOMrw5U?\" frameborder=\"0\" allowfullscreen allow=\"autoplay; encrypted-media; picture-in-picture\" title=\"\"><\/iframe><\/div>\n<h2>Les 7 conseils pour am\u00e9liorer de fa\u00e7on efficace les conditions de travail de vos collaborateurs<\/h2>\n<p>Modifier les conditions de travail de vos collaborateurs peut \u00eatre une bonne id\u00e9e \u00e0 double effet positif. Pourquoi\u00a0? Vos<strong> salari\u00e9s <\/strong>se sentiront <strong>consid\u00e9r\u00e9s<\/strong> gr\u00e2ce \u00e0 la mise en place de vos changements et deviendront naturellement <strong>plus heureux<\/strong>, <strong>motiv\u00e9s <\/strong>et <strong>productifs<\/strong> dans leur travail. Un impact consid\u00e9rable sur l\u2019<strong>enseigne<\/strong> et ses <strong>futurs<\/strong> <strong>accomplissements<\/strong>. De plus, vous <strong>r\u00e9duirez les effets n\u00e9gatifs<\/strong> et risques li\u00e9s au mal-\u00eatre en entreprise. Vous avez encore un doute\u00a0? <strong>D\u00e9couvrez nos conseils<\/strong>\u00a0!<\/p>\n<p style=\"text-align: center; font-size: 18pt;\"><b>Travailler dans un lieu consacr\u00e9 aux bonnes conditions de travail, c\u2019est possible !\u00a0 Contactez le Lodge, votre centre d\u2019affaires \u00e0 Strasbourg o\u00f9 il fait bon vivre !<\/b><\/p>\n<p style=\"text-align: center;\">Location de salles de r\u00e9union et bureaux avec ou sans domiciliation et espaces de r\u00e9ception.<\/p>\n<p style=\"text-align: center;\"><div class=\"su-button-center\"><span data-atc=\"aHR0cHM6Ly9sZS1sb2RnZS5mci9jb250YWN0ZXotbm91cy8=\" class=\"su-button su-button-style-flat atc pop\" style=\" cursor: pointer; color:#FFFFFF;background-color:#FF503D;border-color:;0px;\" target=\"_blank\" rel=\"noopener noreferrer\">\r\n\t\r\n\t\r\n\t<span style=\";padding:8px 26px;font-size:20px;line-height:30px;border-color:;border-radius:0px;-moz-border-radius:0px;-webkit-border-radius:0px;text-shadow:none;-moz-text-shadow:none;-webkit-text-shadow:none;background-color: #FF503D; color:#FFFFFF !important\"> <i class=\"sui sui-pencil-square-o\" style=\"\" aria-label=\"\"><\/i>Envoyer ma demande <\/span>\r\n\r\n<\/span><\/div>\n<h3>Restez \u00e0 l\u2019\u00e9coute<\/h3>\n<p><img loading=\"lazy\" decoding=\"async\" class=\"size-full wp-image-1444 aligncenter\" src=\"https:\/\/le-lodge.fr\/conseil\/wp-content\/uploads\/2022\/01\/ecouter-1.jpg\" alt=\"Manager \u00e0 l'\u00e9coute de ses collaborateurs\" width=\"800\" height=\"533\" srcset=\"https:\/\/le-lodge.fr\/conseil\/wp-content\/uploads\/2022\/01\/ecouter-1.jpg 800w, https:\/\/le-lodge.fr\/conseil\/wp-content\/uploads\/2022\/01\/ecouter-1-768x512.jpg 768w, https:\/\/le-lodge.fr\/conseil\/wp-content\/uploads\/2022\/01\/ecouter-1-736x491.jpg 736w\" sizes=\"(max-width: 800px) 100vw, 800px\" \/><\/p>\n<p>En tant qu\u2019<strong>employeur<\/strong>, vous devrez toujours <strong>\u00eatre \u00e0 l\u2019\u00e9coute<\/strong> des besoins <strong>de vos employ\u00e9s<\/strong> pour leur permettre d\u2019acc\u00e9der \u00e0 une <strong>qualit\u00e9 de vie au travail<\/strong> \u00e0 la hauteur de leurs attentes. Vous pourrez confier cette mission aux <strong>managers<\/strong>, qui pourront <strong>veiller aux difficult\u00e9s<\/strong> rencontr\u00e9es et aux <strong>diverses demandes<\/strong> <strong>des collaborateurs<\/strong>. Ainsi, ils pourront vous <strong>remonter toutes informations<\/strong> importantes pour que vous puissiez <strong>agir en cons\u00e9quence<\/strong>. Si vous agissez pour le <strong>bien-\u00eatre de vos employ\u00e9s<\/strong>, ils sauront le reconna\u00eetre et se sentiront <strong>plus \u00e9panouis dans leur travail<\/strong>. Nous n\u2019avons qu\u2019un seul conseil : ne pas n\u00e9gliger les probl\u00e8mes que peuvent rencontrer vos employ\u00e9s et toujours essayer de <strong>trouver des solutions<\/strong> qui seront b\u00e9n\u00e9fiques pour les deux partis.<\/p>\n<h3>Besoin de reconnaissance<\/h3>\n<p>Au-del\u00e0 de l\u2019\u00e9coute, il est n\u00e9cessaire de <strong>consid\u00e9rer et f\u00e9liciter<\/strong> <strong>les efforts<\/strong>, <strong>la progression<\/strong>, <strong>les nouvelles comp\u00e9tences<\/strong> etc. <strong>de vos salari\u00e9s<\/strong>. Vous devrez toujours avoir \u00e0 l\u2019esprit que le travail ne s\u2019arr\u00eate pas \u00e0 une simple r\u00e9mun\u00e9ration mais que les employ\u00e9s sont \u00e0 la <strong>recherche de valorisation de leurs m\u00e9tiers<\/strong>. Ils souhaitent que leur travail soit reconnu pour pouvoir \u00eatre <strong>plus heureux et \u00e9panoui<\/strong> dans la r\u00e9alisation de leurs missions. Aujourd\u2019hui, ce point est souvent oubli\u00e9 ou n\u00e9glig\u00e9 par rapport \u00e0 d\u2019autres, mais cela ne devrait pas \u00eatre le cas car il est l\u2019un des <strong>leviers fondamentaux<\/strong> pour <strong>am\u00e9liorer les conditions de travail<\/strong> de vos collaborateurs. N\u2019h\u00e9sitez pas \u00e0 <strong>encourager <\/strong>et <strong>f\u00e9liciter<\/strong> <strong>le travail de vos salari\u00e9s<\/strong> et vous verrez des r\u00e9sultats positifs appara\u00eetre tr\u00e8s rapidement.<\/p>\n<h3>Construire des environnements de travail adapt\u00e9s<\/h3>\n<p><img loading=\"lazy\" decoding=\"async\" class=\"size-full wp-image-1445 aligncenter\" src=\"https:\/\/le-lodge.fr\/conseil\/wp-content\/uploads\/2022\/01\/bureau.jpg\" alt=\"Bureaux adapt\u00e9s au sein d'une entreprise\" width=\"800\" height=\"543\" srcset=\"https:\/\/le-lodge.fr\/conseil\/wp-content\/uploads\/2022\/01\/bureau.jpg 800w, https:\/\/le-lodge.fr\/conseil\/wp-content\/uploads\/2022\/01\/bureau-768x521.jpg 768w\" sizes=\"(max-width: 800px) 100vw, 800px\" \/><\/p>\n<p><strong>Les conditions de travail<\/strong> sont intimement <strong>li\u00e9es aux postes de travail<\/strong> des employ\u00e9s. Ainsi, il ne faut pas d\u00e9laisser les<strong> espaces<\/strong> et les<strong> \u00e9quipements<\/strong> qui leur permettront de travailler. Offrez de grands espaces avec un <strong>am\u00e9nagement pr\u00f4nant le bien-\u00eatre<\/strong> et <strong>la cr\u00e9ativit\u00e9<\/strong> pour que vos collaborateurs puissent naturellement s\u2019y sentir bien. Veillez \u00e9galement \u00e0 ce que les <strong>espaces<\/strong> soient <strong>bien \u00e9clair\u00e9s<\/strong>, <strong>peu bruyants<\/strong> et que le <strong>mobilier<\/strong> soit <strong>ergonomique <\/strong>pour \u00e9viter des risques de TMS.<\/p>\n<p>N\u2019h\u00e9sitez pas \u00e0 leur demander si quelque chose ne leur convient pas pour pouvoir r\u00e9agir et ainsi leur <strong>offrir un meilleur environnement<\/strong> adapt\u00e9 \u00e0 leurs besoins.<\/p>\n<h3>Cr\u00e9er du lien<\/h3>\n<p>Il vous sera essentiel de <strong>cr\u00e9er un lien avec vos collaborateurs <\/strong>pour qu\u2019ils puissent <strong>se sentir estim\u00e9s<\/strong> et ainsi <strong>d\u00e9velopper un sentiment d\u2019appartenance \u00e0 l\u2019entreprise<\/strong>. De ce fait, vous pourrez mettre en place des <strong>\u00e9v\u00e9nements collaboratifs<\/strong> pour que vos employ\u00e9s puissent \u00e9changer entre eux et fonder un <strong>esprit d\u2019\u00e9quipe<\/strong>. Il est essentiel que les relations au sein de l\u2019enseigne se d\u00e9roulent dans de meilleures conditions, que la <strong>communication <\/strong>soit <strong>cordiale<\/strong> et <strong>bienveillante<\/strong>. Cela aura un impact direct sur le bien-\u00eatre et les conditions de travail de chacun.<\/p>\n<h3>Offrir un espace d\u00e9tente<\/h3>\n<figure id=\"attachment_1446\" aria-describedby=\"caption-attachment-1446\" style=\"width: 800px\" class=\"wp-caption aligncenter\"><img loading=\"lazy\" decoding=\"async\" class=\"wp-image-1446 size-full\" src=\"https:\/\/le-lodge.fr\/conseil\/wp-content\/uploads\/2022\/01\/lodge.jpg\" alt=\"Espace loisir du Lodge \" width=\"800\" height=\"533\" srcset=\"https:\/\/le-lodge.fr\/conseil\/wp-content\/uploads\/2022\/01\/lodge.jpg 800w, https:\/\/le-lodge.fr\/conseil\/wp-content\/uploads\/2022\/01\/lodge-768x512.jpg 768w, https:\/\/le-lodge.fr\/conseil\/wp-content\/uploads\/2022\/01\/lodge-736x491.jpg 736w\" sizes=\"(max-width: 800px) 100vw, 800px\" \/><figcaption id=\"caption-attachment-1446\" class=\"wp-caption-text\">Espace d\u00e9tente et loisir du Lodge<\/figcaption><\/figure>\n<p>Y aviez-vous d\u00e9j\u00e0 pens\u00e9\u00a0? Offrir un <strong>lieu de d\u00e9tente<\/strong> o\u00f9 vos collaborateurs peuvent se retrouver <strong>pendant les pauses<\/strong> est une super id\u00e9e. Cet espace leur permettra de <strong>se d\u00e9connecter de leur travail<\/strong> mais aussi de <strong>se ressourcer<\/strong>. Ils pourront regarder la t\u00e9l\u00e9vision, jouer \u00e0 des jeux de soci\u00e9t\u00e9 ou tout simplement se reposer sur un canap\u00e9 confortable. Gr\u00e2ce \u00e0 cet <strong>espace d\u00e9di\u00e9 au repos<\/strong> et \u00e0 la d\u00e9connexion, vos collaborateurs rejoindront leurs bureaux en \u00e9tant <strong>plus heureux et productifs<\/strong> car ils auront pris <strong>du temps pour eux<\/strong>.<strong>\u00a0<\/strong><\/p>\n<h3>Proposer des formations<\/h3>\n<p>Nous vous recommandons \u00e9galement de <strong>mettre en place des formations<\/strong> adapt\u00e9es aux besoins de vos salari\u00e9s et qui pourront apporter des bienfaits \u00e0 l\u2019enseigne. Vous pourrez leur proposer des formations sur des <strong>sujets actuels <\/strong>comme la <strong>pr\u00e9vention des risques psychosociaux<\/strong> ou l\u2019<strong>importance du bien-\u00eatre au travail<\/strong>. Ces th\u00e9matiques leur permettront de <strong>conna\u00eetre leurs droits<\/strong> mais aussi de modifier eux-m\u00eames leurs conditions de travail.<\/p>\n<h3>Distinguer vie professionnelle et vie priv\u00e9e<\/h3>\n<p><img loading=\"lazy\" decoding=\"async\" class=\"size-full wp-image-1447 aligncenter\" src=\"https:\/\/le-lodge.fr\/conseil\/wp-content\/uploads\/2022\/01\/teletravail.jpg\" alt=\"Employ\u00e9e en t\u00e9l\u00e9travail\" width=\"800\" height=\"534\" srcset=\"https:\/\/le-lodge.fr\/conseil\/wp-content\/uploads\/2022\/01\/teletravail.jpg 800w, https:\/\/le-lodge.fr\/conseil\/wp-content\/uploads\/2022\/01\/teletravail-768x513.jpg 768w, https:\/\/le-lodge.fr\/conseil\/wp-content\/uploads\/2022\/01\/teletravail-736x491.jpg 736w\" sizes=\"(max-width: 800px) 100vw, 800px\" \/><\/p>\n<p>Ce dernier point \u00e0 toute son importance \u00e0 l\u2019heure o\u00f9 les <strong>travailleurs<\/strong> ne savent plus s\u00e9parer leur m\u00e9tier de leur vie priv\u00e9e. Vous pourrez offrir \u00e0 vos collaborateurs <strong>plus de flexibilit\u00e9<\/strong> pour qu\u2019ils puissent <strong>travailler dans de meilleures conditions<\/strong> et \u00e0 leur fa\u00e7on. Comment faire\u00a0? Il existe de nombreuses possibilit\u00e9s que vous pourrez adapter selon les besoins de vos employ\u00e9s. Vous pourrez notamment mettre en place des <strong>journ\u00e9es de t\u00e9l\u00e9travail<\/strong>, \u00eatre <strong>flexible sur les horaires<\/strong> etc. N\u2019h\u00e9sitez pas \u00e0 sonder vos salari\u00e9s pour <strong>conna\u00eetre leurs attentes<\/strong> et ainsi mettre en place des solutions adapt\u00e9es. Il y a par exemple des entreprises qui int\u00e8grent des cr\u00e8ches ou des syst\u00e8mes de gardiennages pour les enfants etc.<\/p>\n<h2><span style=\"color: #ff503d;\">L\u2019essentiel \u00e0 retenir<\/span><\/h2>\n<div class=\"su-list\" style=\"margin-left:10px\">\n<ol>\n<li><i class=\"sui sui-star\" style=\"color:#FF503D\"><\/i> Nous esp\u00e9rons que notre article a pu vous aider \u00e0 <strong>d\u00e9ployer des solutions pour am\u00e9liorer les conditions de travail de vos collaborateurs<\/strong>.<\/li>\n<li><i class=\"sui sui-star\" style=\"color:#FF503D\"><\/i> Aujourd\u2019hui, il est primordial de s\u2019int\u00e9resser \u00e0 la <strong>qualit\u00e9 de vie au travail<\/strong> et ses <strong>effets positifs et n\u00e9gatifs<\/strong> sur la <strong>sant\u00e9 mentale et physique<\/strong> des salari\u00e9s. En effet, de mauvaises conditions de travail engendrent des<strong> risques psychosociaux<\/strong> importants et parfois irr\u00e9versibles qu\u2019il ne faut pas n\u00e9gliger.<\/li>\n<li><i class=\"sui sui-star\" style=\"color:#FF503D\"><\/i> En tant que <strong>chef d\u2019entreprise<\/strong>, pour \u00e9viter tout risque, consacrez-vous \u00e0 <strong>offrir de bonnes conditions de travail<\/strong> \u00e0 chacun de vos employ\u00e9s pour qu\u2019ils puissent r\u00e9aliser leurs missions en \u00e9tant plus \u00e9panouis et productifs. Vous pourrez <strong>mettre en place des actions et des moyens<\/strong> (formations, espace d\u00e9di\u00e9 \u00e0 la relaxation etc.) et ainsi <strong>observer les effets<\/strong> sur vos collaborateurs.<\/li>\n<li><i class=\"sui sui-star\" style=\"color:#FF503D\"><\/i> Vous vous rendrez tr\u00e8s vite compte que <strong>vos efforts seront r\u00e9compens\u00e9s<\/strong>\u00a0! Vos <strong>salari\u00e9s<\/strong> seront <strong>plus investis et motiv\u00e9s<\/strong> dans la r\u00e9ussite de l\u2019entreprise et feront naturellement <strong>augmenter les performances<\/strong> de votre enseigne.<\/li>\n<li><i class=\"sui sui-star\" style=\"color:#FF503D\"><\/i> \u00cates-vous pr\u00eat \u00e0 commencer cette nouvelle aventure\u00a0?<\/li>\n<\/ol>\n<\/div><br>\n<div class=\"su-spacer\" style=\"height:100px\"><\/div><br>\n<div class=\"su-heading su-heading-style-line-blue su-heading-align-center\" id=\"\" style=\"font-size:16px;margin-bottom:0px\"><div class=\"su-heading-inner\">\n<h5><span class=\"su-highlight\" style=\"background:#FF503D;color:#ffffff\">&nbsp;<span style=\"font-weight: 400;\">Ces articles devraient aussi vous int\u00e9resser<\/span>&nbsp;<\/span><\/h5>\n<\/div><\/div><br>\n<div class=\"su-spacer\" style=\"height:50px\"><\/div><br>\n\n\n\n","protected":false},"excerpt":{"rendered":"<p>Vous venez de monter votre propre entreprise et d\u00e9sirez construire un environnement de travail sain\u00a0? Vous \u00eates un chef d\u2019entreprise soucieux du bien-\u00eatre de vos employ\u00e9s et \u00eates pr\u00eat \u00e0 mettre en place de nouveaux moyens pour transformer la qualit\u00e9 de vie au travail de vos collaborateurs ? Vous \u00eates salari\u00e9 et voulez conna\u00eetre vos [&hellip;]<\/p>\n","protected":false},"author":3,"featured_media":1439,"parent":1352,"menu_order":0,"comment_status":"closed","ping_status":"closed","template":"","meta":{"_seopress_robots_primary_cat":"","_seopress_titles_title":"Comment am\u00e9liorer les conditions de travail ?","_seopress_titles_desc":"Vous d\u00e9sirez am\u00e9liorer les conditions de travail de vos employ\u00e9s ? Suivez nos 7 conseils pour voir appara\u00eetre des r\u00e9sultats positifs rapidement. ","_seopress_robots_index":"","footnotes":""},"_links":{"self":[{"href":"https:\/\/le-lodge.fr\/conseil\/wp-json\/wp\/v2\/pages\/1403"}],"collection":[{"href":"https:\/\/le-lodge.fr\/conseil\/wp-json\/wp\/v2\/pages"}],"about":[{"href":"https:\/\/le-lodge.fr\/conseil\/wp-json\/wp\/v2\/types\/page"}],"author":[{"embeddable":true,"href":"https:\/\/le-lodge.fr\/conseil\/wp-json\/wp\/v2\/users\/3"}],"replies":[{"embeddable":true,"href":"https:\/\/le-lodge.fr\/conseil\/wp-json\/wp\/v2\/comments?post=1403"}],"version-history":[{"count":15,"href":"https:\/\/le-lodge.fr\/conseil\/wp-json\/wp\/v2\/pages\/1403\/revisions"}],"predecessor-version":[{"id":3558,"href":"https:\/\/le-lodge.fr\/conseil\/wp-json\/wp\/v2\/pages\/1403\/revisions\/3558"}],"up":[{"embeddable":true,"href":"https:\/\/le-lodge.fr\/conseil\/wp-json\/wp\/v2\/pages\/1352"}],"wp:featuredmedia":[{"embeddable":true,"href":"https:\/\/le-lodge.fr\/conseil\/wp-json\/wp\/v2\/media\/1439"}],"wp:attachment":[{"href":"https:\/\/le-lodge.fr\/conseil\/wp-json\/wp\/v2\/media?parent=1403"}],"curies":[{"name":"wp","href":"https:\/\/api.w.org\/{rel}","templated":true}]}}