{"id":1352,"date":"2022-02-01T11:36:23","date_gmt":"2022-02-01T10:36:23","guid":{"rendered":"https:\/\/le-lodge.fr\/conseil\/?page_id=1352"},"modified":"2022-06-28T08:10:40","modified_gmt":"2022-06-28T06:10:40","slug":"positifs","status":"publish","type":"page","link":"https:\/\/le-lodge.fr\/conseil\/conditions-travail\/effets\/positifs\/","title":{"rendered":"Conditions de travail : le guide pour travailler dans de bonnes dispositions"},"content":{"rendered":"<p><span style=\"font-size: 18pt;\">Vous souhaitez <strong>lancer votre entreprise<\/strong>\u00a0? Vous aspirez \u00e0 <strong>augmenter les performances <\/strong>de votre bo\u00eete\u00a0? Vous d\u00e9sirez changer de soci\u00e9t\u00e9 pour <strong>vous \u00e9panouir professionnellement<\/strong>\u00a0? Si vous vous retrouvez dans l\u2019une de ces situations, vous avez atterri au bon endroit. <strong>Le centre d\u2019affaires du Lodge<\/strong> vous a concoct\u00e9 un article pour <strong>vous pr\u00e9senter les bonnes conditions de travail<\/strong> qui permettent \u00e0 tous les <strong>salari\u00e9s<\/strong> d\u2019une enseigne d\u2019\u00eatre <strong>\u00e9panouis dans leur m\u00e9tier<\/strong>.<br>\nVous vous demandez <a href=\"https:\/\/le-lodge.fr\/conseil\/conditions-travail\/effets\/\">quels sont les effets des conditions de travail sur les salari\u00e9s<\/a> ? D\u00e9couvrez notre article \u00e0 ce sujet pour \u00eatre incollable et conna\u00eetre<strong> la recette <\/strong>pour <strong>\u00eatre plus heureux<\/strong> <strong>dans votre job<\/strong>.<\/span><\/p>\n\n<div class=\"su-youtube su-u-responsive-media-yes\"><iframe loading=\"lazy\" width=\"600\" height=\"400\" src=\"https:\/\/www.youtube.com\/embed\/DDwjNGUr2F4?\" frameborder=\"0\" allowfullscreen allow=\"autoplay; encrypted-media; picture-in-picture\" title=\"\"><\/iframe><\/div>\n<h2>L\u2019importance de travailler dans de bonnes conditions<\/h2>\n<p>Vous aspirez \u00e0 <strong>\u00eatre plus heureux dans votre travail<\/strong> ou vous souhaitez <strong>am\u00e9liorer les conditions <\/strong>de vos salari\u00e9s\u00a0? Quelle bonne id\u00e9e qui vous r\u00e9servera bien des surprises.<\/p>\n<p>Le terme <strong>conditions de travail<\/strong> n\u2019est pas forc\u00e9ment \u00e9vident \u00e0 comprendre et \u00e0 d\u00e9finir. Il peut <strong>varier fortement<\/strong> d\u2019une soci\u00e9t\u00e9 \u00e0 une autre et d\u2019un m\u00e9tier \u00e0 un autre cependant il ne doit <strong>jamais \u00eatre n\u00e9glig\u00e9<\/strong>. L\u2019<strong>environnement de travail <\/strong>de chaque employ\u00e9 doit r\u00e9pondre \u00e0 des <strong>crit\u00e8res primordiaux<\/strong> pour qu\u2019ils puissent <strong>\u00eatre en s\u00e9curit\u00e9<\/strong> et que sa <strong>sant\u00e9 physique et mentale<\/strong> ne soit pas impact\u00e9 et ainsi <strong>diminuer les risques psychosociaux<\/strong>. Ainsi, si les conditions de travail sont \u00e9tudi\u00e9es et respect\u00e9es, elles peuvent <strong>jouer un r\u00f4le tr\u00e8s important <\/strong>dans la vie des employ\u00e9s. Ils seront plus heureux et enclins \u00e0 venir travailler, ce qui <strong>impactera positivement la soci\u00e9t\u00e9<\/strong> qui pourra <strong>gagner en productivit\u00e9<\/strong>. Plus les conditions de travail sont bonnes, plus les salari\u00e9s peuvent acc\u00e9der au <strong>bien-\u00eatre en entreprise<\/strong>.<\/p>\n<p>Chaque employ\u00e9 a des d\u00e9sirs li\u00e9s \u00e0 son emploi, il souhaite se sentir bien, \u00eatre bien entour\u00e9, qu\u2019on reconnaisse ses qualit\u00e9s etc. De ce fait, il est n\u00e9cessaire pour chaque <strong>chef d\u2019entreprise<\/strong> de prendre en compte les principales <strong>bonnes conditions de travail<\/strong> et de les <strong>appliquer<\/strong> pour permettre \u00e0 ses employ\u00e9s d\u2019\u00eatre plus motiv\u00e9s et plus performants, ce qui profitera autant \u00e0 la soci\u00e9t\u00e9 qu\u2019\u00e0 ses salari\u00e9s.<strong>\u00a0<\/strong><\/p>\n<p style=\"text-align: center; font-size: 18pt;\"><b>Travailler dans un espace soucieux des bonnes conditions de travail, c\u2019est possible !\u00a0 Contactez le Lodge, votre centre d\u2019affaires \u00e0 Strasbourg o\u00f9 il fait bon vivre !<\/b><\/p>\n<p style=\"text-align: center;\">Location de salles de r\u00e9union et bureaux avec ou sans domiciliation et espaces de r\u00e9ception.<\/p>\n<p style=\"text-align: center;\"><div class=\"su-button-center\"><span data-atc=\"aHR0cHM6Ly9sZS1sb2RnZS5mci9jb250YWN0ZXotbm91cy8=\" class=\"su-button su-button-style-flat atc pop\" style=\" cursor: pointer; color:#FFFFFF;background-color:#FF503D;border-color:;0px;\" target=\"_blank\" rel=\"noopener noreferrer\">\r\n\t\r\n\t\r\n\t<span style=\";padding:8px 26px;font-size:20px;line-height:30px;border-color:;border-radius:0px;-moz-border-radius:0px;-webkit-border-radius:0px;text-shadow:none;-moz-text-shadow:none;-webkit-text-shadow:none;background-color: #FF503D; color:#FFFFFF !important\"> <i class=\"sui sui-pencil-square-o\" style=\"\" aria-label=\"\"><\/i>Envoyer ma demande <\/span>\r\n\r\n<\/span><\/div>\n<p>\u00a0<\/p>\n<p>Vous d\u00e9sirez savoir <a href=\"https:\/\/le-lodge.fr\/conseil\/conditions-travail\/effets\/positifs\/ameliorer\/\">comment am\u00e9liorer les conditions de travail<\/a> de vos employ\u00e9s ? Suivez notre guide pour permettre \u00e0 vos collaborateurs de s\u2019\u00e9panouir professionnellement gr\u00e2ce \u00e0 de meilleures dispositions.<\/p>\n<h2>Quelles sont les bonnes conditions de travail\u00a0?<\/h2>\n<p><img loading=\"lazy\" decoding=\"async\" class=\"size-full wp-image-1356 aligncenter\" src=\"https:\/\/le-lodge.fr\/conseil\/wp-content\/uploads\/2022\/01\/bonnes_conditions.jpg\" alt=\"Salari\u00e9s en r\u00e9union travaillant dans de bonnes conditions\" width=\"800\" height=\"491\" srcset=\"https:\/\/le-lodge.fr\/conseil\/wp-content\/uploads\/2022\/01\/bonnes_conditions.jpg 800w, https:\/\/le-lodge.fr\/conseil\/wp-content\/uploads\/2022\/01\/bonnes_conditions-768x471.jpg 768w\" sizes=\"(max-width: 800px) 100vw, 800px\" \/><\/p>\n<p>Il existe de nombreuses <strong>conditions de travail<\/strong> qu\u2019il faut prendre en compte, cependant cela <strong>d\u00e9pend de chaque enseigne<\/strong> et de ses missions. Les <strong>crit\u00e8res<\/strong> des employ\u00e9s peuvent <strong>varier<\/strong> d\u2019une soci\u00e9t\u00e9 \u00e0 une autre mais il y en a certaines qui se d\u00e9tachent plus que les autres et qui peuvent mettre tout le monde d\u2019accord. Le bonheur s\u2019arr\u00eate-t-il au salaire\u00a0? Comment \u00eatre heureux au travail\u00a0? Qu\u2019est-ce que le bien-\u00eatre professionnel\u00a0?<\/p>\n<p><strong>Les bonnes conditions qui ressortent le plus aupr\u00e8s des salari\u00e9s sont\u00a0:<\/strong><br>\n<div class=\"su-list\" style=\"margin-left:10px\">\n<ul>\n<li><i class=\"sui sui-minus\" style=\"color:#FF503D\"><\/i> <strong>\u00catre inform\u00e9 sur les risques et les accidents<\/strong> li\u00e9s au travail en faisant de la pr\u00e9vention et des formations<\/li>\n<li><i class=\"sui sui-minus\" style=\"color:#FF503D\"><\/i> <strong>\u00catre \u00e0 l\u2019\u00e9coute<\/strong> des salari\u00e9s par rapport \u00e0 leur cadre de travail (horaires variables, cong\u00e9s)<\/li>\n<li><i class=\"sui sui-minus\" style=\"color:#FF503D\"><\/i> <strong>\u00catre en s\u00e9curit\u00e9<\/strong> sur leur poste de travail<\/li>\n<li><i class=\"sui sui-minus\" style=\"color:#FF503D\"><\/i> Avoir un <strong>environnement de travail sain<\/strong> et confortable<\/li>\n<li><i class=\"sui sui-minus\" style=\"color:#FF503D\"><\/i> Prendre en compte <strong>la sant\u00e9 mentale et physique<\/strong> de chaque employ\u00e9<\/li>\n<li><i class=\"sui sui-minus\" style=\"color:#FF503D\"><\/i> Les <strong>relations humaines<\/strong> doivent se d\u00e9rouler dans la <strong>bienveillance<\/strong><\/li>\n<li><i class=\"sui sui-minus\" style=\"color:#FF503D\"><\/i> <strong>Sensibiliser sur des sujets actuels et importants<\/strong> comme le <strong>burn-out<\/strong>, les risques et accidents li\u00e9s au travail, le<strong> harc\u00e8lement<\/strong><\/li>\n<li><i class=\"sui sui-minus\" style=\"color:#FF503D\"><\/i> <strong>Obtenir un salaire<\/strong> \u00e0 la hauteur des comp\u00e9tences de chacun<\/li>\n<\/ul>\n<\/div><br>\nIl existe de <strong>nombreux facteurs<\/strong> qui peuvent <strong>am\u00e9liorer le travail des employ\u00e9s<\/strong> et il est n\u00e9cessaire que les employeurs connaissent les bonnes conditions de travail pour les offrir \u00e0 leurs salari\u00e9s. Il sera tout de m\u00eame n\u00e9cessaire d\u2019<strong>adapter les conditions <\/strong>en fonction des postes de chacun, certains sont expos\u00e9s \u00e0 des risques plus importants.<\/p>\n<h2>Nos conseils pour am\u00e9liorer les conditions de travail<\/h2>\n<p>Vous \u00eates <strong>chef d\u2019entreprise<\/strong> ou <strong>curieux <\/strong>de conna\u00eetre les solutions pour <strong>augmenter la qualit\u00e9 de vie au travail<\/strong>\u00a0? Voici quelques conseils qui vous permettront de <strong>favoriser le bien-\u00eatre<\/strong> au sein de votre entreprise.<\/p>\n<h3>Consid\u00e9rez vos salari\u00e9s<\/h3>\n<p><img loading=\"lazy\" decoding=\"async\" class=\"size-full wp-image-1358 aligncenter\" src=\"https:\/\/le-lodge.fr\/conseil\/wp-content\/uploads\/2022\/01\/feliciter.jpg\" alt=\"Manager qui f\u00e9licite un collaborateur\" width=\"800\" height=\"534\" srcset=\"https:\/\/le-lodge.fr\/conseil\/wp-content\/uploads\/2022\/01\/feliciter.jpg 800w, https:\/\/le-lodge.fr\/conseil\/wp-content\/uploads\/2022\/01\/feliciter-768x513.jpg 768w, https:\/\/le-lodge.fr\/conseil\/wp-content\/uploads\/2022\/01\/feliciter-736x491.jpg 736w\" sizes=\"(max-width: 800px) 100vw, 800px\" \/><\/p>\n<p>Il est essentiel de savoir reconna\u00eetre le travail de vos employ\u00e9s, de les<strong> f\u00e9liciter<\/strong> lorsqu\u2019ils r\u00e9ussissent et de ne pas juste retenir les points n\u00e9gatifs. En consid\u00e9rant et en f\u00e9licitant un salari\u00e9, vous lui <strong>apporterez de la confiance<\/strong> qui se traduira en une <strong>source de motivation<\/strong> qui sera positive pour tous. Vous pourrez par exemple r\u00e9aliser des \u00e9v\u00e9nements ponctuels pour les remercier.<\/p>\n<h3>Communiquez avec eux<\/h3>\n<p>Ne n\u00e9gligez pas la partie communication, <strong>\u00e9changez avec vos employ\u00e9s<\/strong> et primordial. Parlez de mani\u00e8re bienveillante et transparente \u00e0 chacun. Nous vous conseillons de <strong>r\u00e9aliser des r\u00e9unions<\/strong> ou des moments de rencontre pour <strong>\u00e9voquer les points importants<\/strong> de la semaine ou du mois par exemple, ainsi chaque collaborateur pourra participer.<\/p>\n<h3>\u00c9coutez-les<\/h3>\n<p><img loading=\"lazy\" decoding=\"async\" class=\"size-full wp-image-1360 aligncenter\" src=\"https:\/\/le-lodge.fr\/conseil\/wp-content\/uploads\/2022\/01\/ecouter.jpg\" alt=\"Employeur qui \u00e9coute un salari\u00e9\" width=\"800\" height=\"533\" srcset=\"https:\/\/le-lodge.fr\/conseil\/wp-content\/uploads\/2022\/01\/ecouter.jpg 800w, https:\/\/le-lodge.fr\/conseil\/wp-content\/uploads\/2022\/01\/ecouter-768x512.jpg 768w, https:\/\/le-lodge.fr\/conseil\/wp-content\/uploads\/2022\/01\/ecouter-736x491.jpg 736w\" sizes=\"(max-width: 800px) 100vw, 800px\" \/><\/p>\n<p>Pour finir, <strong>\u00e9coutez vos employ\u00e9s<\/strong> surtout si quelque chose les tracasse. Vous leur <strong>accorderez de l\u2019importance<\/strong> et leur permettrez de s\u2019exprimer sur des sujets importants li\u00e9s au travail.<\/p>\n<h2><span style=\"color: #FF503D;\">L\u2019essentiel \u00e0 retenir<\/span><\/h2>\n<div class=\"su-list\" style=\"margin-left:10px\">\n<ol>\n<li><i class=\"sui sui-star\" style=\"color:#FF503D\"><\/i> Nous esp\u00e9rons que notre article vous a aid\u00e9 \u00e0 comprendre l\u2019importance de la mise en place <strong>de bonnes conditions de travail<\/strong> au sein d\u2019une enseigne.<\/li>\n<li><i class=\"sui sui-star\" style=\"color:#FF503D\"><\/i> En tant que <strong>chef d\u2019entreprise<\/strong>, nous vous conseillons <strong>d\u2019am\u00e9liorer ses conditions<\/strong> pour que chacun de vos salari\u00e9s se sente bien et \u00e9panoui dans son travail.<\/li>\n<li><i class=\"sui sui-star\" style=\"color:#FF503D\"><\/i> Comment vous y prendre\u00a0? En les \u00e9coutant et en \u00e9changeant avec eux. Int\u00e9ressez-vous \u00e0 <strong>leurs valeurs<\/strong>, \u00e0 ce qu\u2019ils recherchent quand ils viennent au travail (respect, reconnaissance, motivation, \u00e9panouissement, s\u00e9curit\u00e9 etc.).<\/li>\n<li><i class=\"sui sui-star\" style=\"color:#FF503D\"><\/i> Lorsque vous aurez r\u00e9ussi cette \u00e9tape, n\u2019h\u00e9sitez pas \u00e0 <strong>mettre en place des actions<\/strong> et <strong>des outils<\/strong> pour <strong>renforcer ces bonnes conditions<\/strong> aupr\u00e8s de vos employ\u00e9s.<\/li>\n<li><i class=\"sui sui-star\" style=\"color:#FF503D\"><\/i> Ainsi, vous offrirez \u00e0 vos salari\u00e9s le moyen d\u2019acc\u00e9der \u00e0 une <strong>meilleure qualit\u00e9 de vie au travail <\/strong>qui leur permettra d\u2019\u00eatre plus heureux et d\u2019acqu\u00e9rir une <strong>plus grande productivit\u00e9<\/strong> qui impactera l\u2019enseigne positivement.<\/li>\n<\/ol>\n<\/div><br>\n<strong>\u00a0<\/strong><\/p>\n<div class=\"su-spacer\" style=\"height:100px\"><\/div><br>\n<div class=\"su-heading su-heading-style-line-blue su-heading-align-center\" id=\"\" style=\"font-size:16px;margin-bottom:0px\"><div class=\"su-heading-inner\">\n<h5><span class=\"su-highlight\" style=\"background:#FF503D;color:#ffffff\">&nbsp;<span style=\"font-weight: 400;\">Ces articles devraient aussi vous int\u00e9resser<\/span>&nbsp;<\/span><\/h5>\n<\/div><\/div><br>\n<div class=\"su-spacer\" style=\"height:50px\"><\/div><br>\n<ul class=\"cs-samelevel-posts\">\n\t\t\t<li><a href=\"https:\/\/le-lodge.fr\/conseil\/conditions-travail\/effets\/negatifs\/\"> Sant\u00e9 et conditions au travail : quels impacts ? Comment les alerter ?<\/a><\/li>\n\t<\/ul>\n\n\n","protected":false},"excerpt":{"rendered":"<p>Vous souhaitez lancer votre entreprise\u00a0? Vous aspirez \u00e0 augmenter les performances de votre bo\u00eete\u00a0? Vous d\u00e9sirez changer de soci\u00e9t\u00e9 pour vous \u00e9panouir professionnellement\u00a0? Si vous vous retrouvez dans l\u2019une de ces situations, vous avez atterri au bon endroit. Le centre d\u2019affaires du Lodge vous a concoct\u00e9 un article pour vous pr\u00e9senter les bonnes conditions de [&hellip;]<\/p>\n","protected":false},"author":3,"featured_media":1355,"parent":1325,"menu_order":0,"comment_status":"closed","ping_status":"closed","template":"","meta":{"_seopress_robots_primary_cat":"","_seopress_titles_title":"Quelles sont de bonnes conditions de travail ?","_seopress_titles_desc":"Vous souhaitez savoir ce que sont de bonnes conditions de travail ? D\u00e9couvrez notre guide pour les conna\u00eetre et les mettre en application d\u00e8s maintenant. ","_seopress_robots_index":"","footnotes":""},"_links":{"self":[{"href":"https:\/\/le-lodge.fr\/conseil\/wp-json\/wp\/v2\/pages\/1352"}],"collection":[{"href":"https:\/\/le-lodge.fr\/conseil\/wp-json\/wp\/v2\/pages"}],"about":[{"href":"https:\/\/le-lodge.fr\/conseil\/wp-json\/wp\/v2\/types\/page"}],"author":[{"embeddable":true,"href":"https:\/\/le-lodge.fr\/conseil\/wp-json\/wp\/v2\/users\/3"}],"replies":[{"embeddable":true,"href":"https:\/\/le-lodge.fr\/conseil\/wp-json\/wp\/v2\/comments?post=1352"}],"version-history":[{"count":17,"href":"https:\/\/le-lodge.fr\/conseil\/wp-json\/wp\/v2\/pages\/1352\/revisions"}],"predecessor-version":[{"id":2026,"href":"https:\/\/le-lodge.fr\/conseil\/wp-json\/wp\/v2\/pages\/1352\/revisions\/2026"}],"up":[{"embeddable":true,"href":"https:\/\/le-lodge.fr\/conseil\/wp-json\/wp\/v2\/pages\/1325"}],"wp:featuredmedia":[{"embeddable":true,"href":"https:\/\/le-lodge.fr\/conseil\/wp-json\/wp\/v2\/media\/1355"}],"wp:attachment":[{"href":"https:\/\/le-lodge.fr\/conseil\/wp-json\/wp\/v2\/media?parent=1352"}],"curies":[{"name":"wp","href":"https:\/\/api.w.org\/{rel}","templated":true}]}}