{"id":1294,"date":"2022-01-12T11:59:09","date_gmt":"2022-01-12T10:59:09","guid":{"rendered":"https:\/\/le-lodge.fr\/conseil\/?page_id=1294"},"modified":"2024-08-26T15:26:34","modified_gmt":"2024-08-26T13:26:34","slug":"bureau-virtuel","status":"publish","type":"page","link":"https:\/\/le-lodge.fr\/conseil\/domiciliation-entreprise\/bureau-virtuel\/","title":{"rendered":"Bureau virtuel : le guide complet pour trouver le v\u00f4tre"},"content":{"rendered":"<p><span style=\"font-size: 18pt;\">Aujourd\u2019hui le <strong>monde du travail<\/strong> a bien \u00e9volu\u00e9 gr\u00e2ce \u00e0 l\u2019arriv\u00e9e des <strong>nouvelles technologies <\/strong>mais aussi d\u00fb \u00e0 la crise sanitaire que nous traversons. Le <strong>travail \u00e0 distance<\/strong> ou <strong>\u00e0 domicile<\/strong> ne cesse de prendre de l\u2019ampleur pour <strong>offrir plus de flexibilit\u00e9 <\/strong>aux enseignes et \u00e0 leurs employ\u00e9s. Que vous soyez un <strong>entrepreneur<\/strong>, <strong>une petite ou une<\/strong> <strong>moyenne entreprise<\/strong> qui souhaite revoir sa mani\u00e8re de travailler, vous avez atterri au bon endroit\u00a0! <strong>Le Lodge<\/strong> vous propose de <strong>d\u00e9couvrir les secrets et les atouts d\u2019un bureau virtuel<\/strong> pour travailler partout simplement et efficacement. Vous vous demandez <strong>comment bien choisir votre bureau virtuel<\/strong>\u00a0? Pas de panique, nous vous avons concoct\u00e9 une <strong>check-list des essentiels<\/strong> \u00e0 prendre en compte pour <strong>acqu\u00e9rir votre bureau virtuel id\u00e9al<\/strong>.<br>\nVous souhaitez lancer votre entreprise et en apprendre davantage sur le sujet\u00a0? D\u00e9couvrez notre guide sur <a href=\"https:\/\/le-lodge.fr\/conseil\/domiciliation-entreprise\/\">la domiciliation de soci\u00e9t\u00e9<\/a> et ainsi d\u00e9buter <strong>votre business<\/strong> en \u00e9tant incollable sur le sujet.<\/span><\/p>\n\n<div class=\"su-youtube su-u-responsive-media-yes\"><iframe loading=\"lazy\" width=\"600\" height=\"400\" src=\"https:\/\/www.youtube.com\/embed\/OIXze-6yHX0?\" frameborder=\"0\" allowfullscreen allow=\"autoplay; encrypted-media; picture-in-picture\" title=\"\"><\/iframe><\/div>\n<h2>Le bureau virtuel qu\u2019est-ce que c\u2019est\u00a0?<\/h2>\n<p><img loading=\"lazy\" decoding=\"async\" class=\"size-full wp-image-1317 aligncenter\" src=\"https:\/\/le-lodge.fr\/conseil\/wp-content\/uploads\/2022\/01\/services.jpg\" alt=\"professionnel qui profite des services li\u00e9s au bureau virtuel\" width=\"800\" height=\"400\" srcset=\"https:\/\/le-lodge.fr\/conseil\/wp-content\/uploads\/2022\/01\/services.jpg 800w, https:\/\/le-lodge.fr\/conseil\/wp-content\/uploads\/2022\/01\/services-768x384.jpg 768w\" sizes=\"(max-width: 800px) 100vw, 800px\" \/><\/p>\n<p>Vous en avez sans doute d\u00e9j\u00e0 entendu parler mais vous d\u00e9sirez en apprendre davantage avant de vous lancer dans la qu\u00eate de votre bureau virtuel\u00a0? Pas de probl\u00e8me. Ce service est tr\u00e8s simple, il permet \u00e0 tout <strong>professionnel <\/strong>de d\u00e9clarer le <strong>si\u00e8ge social<\/strong> de son enseigne \u00e0 l\u2019adresse d\u2019une <strong>soci\u00e9t\u00e9 de domiciliation<\/strong>. Gr\u00e2ce \u00e0 cette solution, il peut profiter de <strong>divers services<\/strong> non n\u00e9gligeables dont le plus reconnu, l\u2019<strong>acc\u00e8s \u00e0 un logiciel <\/strong>qui lui permet de travailler n\u2019importe o\u00f9, n\u2019importe quand et avec n\u2019importe quel appareil. Ce logiciel donne acc\u00e8s \u00e0 <strong>un espace de travail d\u00e9di\u00e9 <\/strong>o\u00f9 l\u2019entreprise peut enregistrer ses documents, acc\u00e9der \u00e0 ses e-mails etc. Maintenant que vous savez ce qu\u2019est un <strong>bureau virtuel<\/strong>, d\u00e9couvrez comment trouver celui qui sera <strong>adapt\u00e9 \u00e0 vos besoins<\/strong>.<\/p>\n<h2>Comment bien choisir son bureau virtuel ?<\/h2>\n<p>Vous vous int\u00e9ressez \u00e0 cette solution depuis quelque temps mais n\u2019avez pas encore fait votre choix\u00a0? Notre <strong>check-list des points essentiels<\/strong> pour bien <strong>choisir son bureau virtuel<\/strong> a pour ambition de vous \u00e9clairer dans votre prise de d\u00e9cision et vous permettre d\u2019acqu\u00e9rir un <strong>nouvel espace de travail performant et rentable<\/strong>. D\u00e9couvrez ci-dessous pourquoi la <strong>d\u00e9mat\u00e9rialisation de votre bureau<\/strong> est l\u2019une des meilleures <strong>cl\u00e9s pour acc\u00e9der \u00e0 la r\u00e9ussite<\/strong>.<\/p>\n<p style=\"text-align: center; font-size: 18pt;\"><b>Vous souhaitez utiliser un bureau virtuel ?<br>\nContactez le Lodge, votre centre d\u2019affaires \u00e0 Strasbourg !<\/b><\/p>\n<p style=\"text-align: center;\">Location de salles de r\u00e9union et bureaux avec ou sans domiciliation et espaces de r\u00e9ception.<\/p>\n<p style=\"text-align: center;\"><div class=\"su-button-center\"><span data-atc=\"aHR0cHM6Ly9sZS1sb2RnZS5mci9jb250YWN0ZXotbm91cy8=\" class=\"su-button su-button-style-flat atc pop\" style=\" cursor: pointer; color:#FFFFFF;background-color:#FF503D;border-color:;0px;\" target=\"_blank\" rel=\"noopener noreferrer\">\r\n\t\r\n\t\r\n\t<span style=\";padding:8px 26px;font-size:20px;line-height:30px;border-color:;border-radius:0px;-moz-border-radius:0px;-webkit-border-radius:0px;text-shadow:none;-moz-text-shadow:none;-webkit-text-shadow:none;background-color: #FF503D; color:#FFFFFF !important\"> <i class=\"sui sui-pencil-square-o\" style=\"\" aria-label=\"\"><\/i>Envoyer ma demande <\/span>\r\n\r\n<\/span><\/div>\n<p>\u00a0<\/p>\n<h3>D\u00e9goter le bon emplacement<\/h3>\n<p><img loading=\"lazy\" decoding=\"async\" class=\"size-full wp-image-1318 aligncenter\" src=\"https:\/\/le-lodge.fr\/conseil\/wp-content\/uploads\/2022\/01\/emplacement.jpg\" alt=\"Professionnel \u00e0 la recherche d'un emplacement\" width=\"800\" height=\"533\" srcset=\"https:\/\/le-lodge.fr\/conseil\/wp-content\/uploads\/2022\/01\/emplacement.jpg 800w, https:\/\/le-lodge.fr\/conseil\/wp-content\/uploads\/2022\/01\/emplacement-768x512.jpg 768w, https:\/\/le-lodge.fr\/conseil\/wp-content\/uploads\/2022\/01\/emplacement-736x491.jpg 736w\" sizes=\"(max-width: 800px) 100vw, 800px\" \/><\/p>\n<p>Votre premi\u00e8re mission sera de <strong>chercher le lieu id\u00e9al<\/strong> pour votre futur bureau virtuel. Comment vous y prendre\u00a0? Nous vous conseillons de choisir celui-ci en fonction de <strong>votre lieu d\u2019habitation<\/strong>, optez pour un <strong>emplacement \u00e0 proximit\u00e9 de votre domicile<\/strong> qui reste <strong>facilement accessible<\/strong> (voiture, transports en commun). Vous ne vous rendrez sans doute qu\u2019occasionnellement dans cet espace car vous travaillerez \u00e0 distance, cependant vous pourrez en profiter lorsque vous aurez besoin de r\u00e9aliser des r\u00e9unions avec vos collaborateurs ou vos clients. Ainsi, vous devrez garder \u00e0 l\u2019esprit que ce lieu doit \u00eatre <strong>facilement localisable<\/strong>.<\/p>\n<h3>D\u00e9finissez vos besoins<\/h3>\n<p>Il vous faudra \u00e9galement <strong>d\u00e9finir vos besoins<\/strong> au pr\u00e9alable avant de vous lancer \u00e0 la recherche de votre bureau virtuel. Les fournisseurs de ces nouveaux espaces proposent de <strong>nombreux services<\/strong> tels que la <strong>gestion de votre courrier<\/strong>, un <strong>service de secr\u00e9tariat<\/strong>, une <strong>adresse postale <\/strong>sp\u00e9cifique, un <strong>cloud pour stocker toutes les informations importantes <\/strong>de votre entreprise ou encore la possibilit\u00e9 de <strong>louer un bureau<\/strong> ou <strong>une salle de conf\u00e9rence<\/strong> dans leurs locaux. <strong>Un service cl\u00e9s en main<\/strong> qui peut en faire r\u00eaver plus d\u2019un, mais avez-vous besoin de toutes ses options\u00a0? Il est possible que non, ainsi prenez le temps de faire le tri et de <strong>pr\u00e9ciser vos souhaits<\/strong> qui seront pleinement <strong>adapt\u00e9s \u00e0 votre m\u00e9tier<\/strong> et qui joueront un <strong>r\u00f4le b\u00e9n\u00e9fique pour votre entreprise <\/strong>(gain de temps, efficacit\u00e9 etc.).<\/p>\n<h3>Recherchez les fournisseurs de bureaux virtuels pr\u00e9sents dans votre r\u00e9gion<\/h3>\n<p><img loading=\"lazy\" decoding=\"async\" class=\"size-full wp-image-1319 aligncenter\" src=\"https:\/\/le-lodge.fr\/conseil\/wp-content\/uploads\/2022\/01\/recherche_fournisseurs.jpg\" alt=\"Professionnel \u00e0 la recherche du bon fournisseur\" width=\"800\" height=\"533\" srcset=\"https:\/\/le-lodge.fr\/conseil\/wp-content\/uploads\/2022\/01\/recherche_fournisseurs.jpg 800w, https:\/\/le-lodge.fr\/conseil\/wp-content\/uploads\/2022\/01\/recherche_fournisseurs-768x512.jpg 768w, https:\/\/le-lodge.fr\/conseil\/wp-content\/uploads\/2022\/01\/recherche_fournisseurs-736x491.jpg 736w\" sizes=\"(max-width: 800px) 100vw, 800px\" \/><\/p>\n<p>Apr\u00e8s avoir d\u00e9fini vos besoins, vous pourrez <strong>effectuer des recherches<\/strong> pr\u00e9cises sur les <strong>fournisseurs de bureaux virtuels<\/strong> de votre r\u00e9gion et ainsi <strong>s\u00e9lectionner celui qui correspond \u00e0 vos attentes<\/strong>. N\u2019h\u00e9sitez pas \u00e0 r\u00e9aliser un <strong>premier contact t\u00e9l\u00e9phonique<\/strong> si vous d\u00e9sirez plus d\u2019informations et ainsi conna\u00eetre <strong>la globalit\u00e9 de l\u2019offre <\/strong>pour ne passer \u00e0 c\u00f4t\u00e9 d\u2019aucun renseignement.<\/p>\n<h3>Renseignez-vous sur le budget<\/h3>\n<p>Dans un premier temps, vous pourrez indiquer <strong>combien de temps<\/strong> vous souhaitez <strong>vous engager<\/strong> (une p\u00e9riode relativement courte ou longue). Nous vous recommandons de profiter d\u2019un bureau virtuel sur une <strong>longue p\u00e9riode<\/strong> pour <strong>b\u00e9n\u00e9ficier d\u2019un tarif plus avantageux<\/strong>.<\/p>\n<p>Dans un second temps, <strong>informez-vous sur les prix<\/strong> du fournisseur avec lequel vous d\u00e9sirez travailler. Cette solution sera sans aucun doute <strong>rentable<\/strong> car elle vous \u00e9vitera de payer un local ainsi que de nombreux frais suppl\u00e9mentaires qui viennent s\u2019y ajouter. Veuillez tout de m\u00eame faire attention aux <strong>prix des options<\/strong> qui peuvent monter en fl\u00e8che.<\/p>\n<h2><span style=\"color: #ff503d;\">L\u2019essentiel \u00e0 retenir<\/span><\/h2>\n<div class=\"su-list\" style=\"margin-left:10px\">\n<ol>\n<li><i class=\"sui sui-star\" style=\"color:#FF503D\"><\/i> Nous esp\u00e9rons que <strong>notre check-list<\/strong> a pu vous aider \u00e0 <strong>choisir votre futur bureau virtuel<\/strong>.<\/li>\n<li><i class=\"sui sui-star\" style=\"color:#FF503D\"><\/i> Nous sommes conscients que cette \u00e9tape n\u2019est pas toujours \u00e9vidente et qu\u2019elle n\u00e9cessite du temps avant de s\u2019engager pleinement.<\/li>\n<li><i class=\"sui sui-star\" style=\"color:#FF503D\"><\/i> Que vous soyez un <strong>entrepreneur<\/strong>, une personne qui souhaite se lancer en <strong>freelance<\/strong> ou encore une <strong>entreprise<\/strong> o\u00f9 les employ\u00e9s peuvent travailler de leur domicile, <strong>le bureau virtuel est fait pour vous<\/strong>\u00a0!<\/li>\n<li><i class=\"sui sui-star\" style=\"color:#FF503D\"><\/i> Vous pourrez <strong>profiter de ses avantages<\/strong> tr\u00e8s rapidement et ainsi <strong>devenir plus productif<\/strong> mais aussi plus libre dans votre m\u00e9tier. N\u2019attendez plus pour <strong>faire des \u00e9conomies<\/strong> tout en faisant <strong>\u00e9voluer votre projet professionnel<\/strong> et d\u00e9nicher le bureau virtuel correspondant \u00e0 vos besoins.<\/li>\n<li><i class=\"sui sui-star\" style=\"color:#FF503D\"><\/i> Vous avez des questions \u00e0 ce sujet\u00a0? <strong>Le Lodge<\/strong> reste \u00e0 votre \u00e9coute, n\u2019h\u00e9sitez pas \u00e0 nous contacter pour obtenir plus d\u2019informations et <strong>profiter des divers services d\u2019une soci\u00e9t\u00e9 de domiciliation<\/strong>.<\/li>\n<\/ol>\n<\/div>\n<\/p><p><strong>\u00a0<\/strong><\/p>\n<div class=\"su-spacer\" style=\"height:100px\"><\/div><br>\n<div class=\"su-heading su-heading-style-line-blue su-heading-align-center\" id=\"\" style=\"font-size:16px;margin-bottom:0px\"><div class=\"su-heading-inner\">\n<h5><span class=\"su-highlight\" style=\"background:#FF503D;color:#ffffff\">&nbsp;<span style=\"font-weight: 400;\">Ces articles devraient aussi vous int\u00e9resser<\/span>&nbsp;<\/span><\/h5>\n<\/div><\/div><br>\n<div class=\"su-spacer\" style=\"height:50px\"><\/div><br>\n<ul class=\"cs-samelevel-posts\">\n\t\t\t<li><a href=\"https:\/\/le-lodge.fr\/conseil\/domiciliation-entreprise\/differentes-options-domiciliation-entreprise\/\"> Quelles sont les diff\u00e9rentes options de domiciliation pour son entreprise ?<\/a><\/li>\n\t\t\t<li><a href=\"https:\/\/le-lodge.fr\/conseil\/domiciliation-entreprise\/attestation-domiciliation\/\"> Attestation de domiciliation de soci\u00e9t\u00e9 : d\u00e9finition et explications<\/a><\/li>\n\t\t\t<li><a href=\"https:\/\/le-lodge.fr\/conseil\/domiciliation-entreprise\/ou\/\"> O\u00f9 peut-on domicilier son entreprise ? Les meilleures solutions de domiciliation de soci\u00e9t\u00e9 : le guide complet<\/a><\/li>\n\t<\/ul>\n\n\n","protected":false},"excerpt":{"rendered":"<p>Aujourd\u2019hui le monde du travail a bien \u00e9volu\u00e9 gr\u00e2ce \u00e0 l\u2019arriv\u00e9e des nouvelles technologies mais aussi d\u00fb \u00e0 la crise sanitaire que nous traversons. Le travail \u00e0 distance ou \u00e0 domicile ne cesse de prendre de l\u2019ampleur pour offrir plus de flexibilit\u00e9 aux enseignes et \u00e0 leurs employ\u00e9s. Que vous soyez un entrepreneur, une petite [&hellip;]<\/p>\n","protected":false},"author":3,"featured_media":1316,"parent":230,"menu_order":1,"comment_status":"closed","ping_status":"closed","template":"","meta":{"_seopress_robots_primary_cat":"","_seopress_titles_title":"Comment bien choisir son bureau virtuel ?","_seopress_titles_desc":"Vous souhaitez avoir acc\u00e8s \u00e0 un bureau virtuel pour vous faciliter la vie ? C&#039;est possible, on vous explique tout : d\u00e9finition, astuces et conseils. ","_seopress_robots_index":"","footnotes":""},"_links":{"self":[{"href":"https:\/\/le-lodge.fr\/conseil\/wp-json\/wp\/v2\/pages\/1294"}],"collection":[{"href":"https:\/\/le-lodge.fr\/conseil\/wp-json\/wp\/v2\/pages"}],"about":[{"href":"https:\/\/le-lodge.fr\/conseil\/wp-json\/wp\/v2\/types\/page"}],"author":[{"embeddable":true,"href":"https:\/\/le-lodge.fr\/conseil\/wp-json\/wp\/v2\/users\/3"}],"replies":[{"embeddable":true,"href":"https:\/\/le-lodge.fr\/conseil\/wp-json\/wp\/v2\/comments?post=1294"}],"version-history":[{"count":12,"href":"https:\/\/le-lodge.fr\/conseil\/wp-json\/wp\/v2\/pages\/1294\/revisions"}],"predecessor-version":[{"id":3587,"href":"https:\/\/le-lodge.fr\/conseil\/wp-json\/wp\/v2\/pages\/1294\/revisions\/3587"}],"up":[{"embeddable":true,"href":"https:\/\/le-lodge.fr\/conseil\/wp-json\/wp\/v2\/pages\/230"}],"wp:featuredmedia":[{"embeddable":true,"href":"https:\/\/le-lodge.fr\/conseil\/wp-json\/wp\/v2\/media\/1316"}],"wp:attachment":[{"href":"https:\/\/le-lodge.fr\/conseil\/wp-json\/wp\/v2\/media?parent=1294"}],"curies":[{"name":"wp","href":"https:\/\/api.w.org\/{rel}","templated":true}]}}