{"id":115,"date":"2021-03-10T11:58:53","date_gmt":"2021-03-10T10:58:53","guid":{"rendered":"https:\/\/le-lodge.fr\/conseil\/?page_id=115"},"modified":"2022-01-05T14:12:20","modified_gmt":"2022-01-05T13:12:20","slug":"amenager","status":"publish","type":"page","link":"https:\/\/le-lodge.fr\/conseil\/open-space\/amenager\/","title":{"rendered":"Comment am\u00e9nager son poste de travail ?"},"content":{"rendered":"<p><span style=\"font-size: 18pt;\">Envisagez-vous d\u2019am\u00e9nager votre espace de travail dans un <a href=\"https:\/\/le-lodge.fr\/conseil\/open-space\">Open Space<\/a> ? Si oui, sachez que Le cadre de travail est tr\u00e8s d\u00e9terminant en ce qui concerne la productivit\u00e9 et la performance de tout professionnel. Qui plus est, c\u2019est un levier essentiel pour l\u2019\u00e9panouissement de tout travailleur. De plus en plus d\u2019employeurs prennent conscience de la chose, et int\u00e8gre cet aspect dans leurs strat\u00e9gies de d\u00e9veloppement.<br>\nMais encore faut-il savoir comment bien organiser son bureau. Dans cet extrait, nous vous donnons les cl\u00e9s pour r\u00e9ussir une bonne installation des diff\u00e9rents \u00e9l\u00e9ments d\u2019un poste de travail. Mais avant, d\u00e9couvrez quels sont les avantages concrets d\u2019un bon <strong>am\u00e9nagement de votre poste de travail<\/strong>.<\/span><\/p>\n\n<p class=\"p1\"><div class=\"su-youtube su-u-responsive-media-yes\"><iframe loading=\"lazy\" width=\"600\" height=\"400\" src=\"https:\/\/www.youtube.com\/embed\/TXUJBk2I7vs?\" frameborder=\"0\" allowfullscreen allow=\"autoplay; encrypted-media; picture-in-picture\" title=\"\"><\/iframe><\/div>\n<h2>Pourquoi bien am\u00e9nager son poste de travail ?<\/h2>\n<h3>La question du bien-\u00eatre au travail<\/h3>\n<p>Le <strong>bien-\u00eatre au travail<\/strong> est d\u00e9sormais le credo selon lequel la plupart des entreprises basent d\u00e9sormais leur fonctionnement. Il faut croire que les mentalit\u00e9s ont beaucoup \u00e9volu\u00e9 depuis les temps o\u00f9 travail s\u2019accordait avec souffrance. Maintenant, il s\u2019agit de cr\u00e9er les conditions optimales pour que le travailleur se sente \u00e0 son aise. Ceci est d\u2019une importance capitale d\u2019autant que des \u00e9tudes ont d\u00e9montr\u00e9 que l\u2019\u00e9volution de toute bo\u00eete est tributaire de l\u2019\u00e9panouissement des professionnels qui y interviennent. On comprend pourquoi de grands groupes tels que Google ont cr\u00e9\u00e9 tout un univers de r\u00e9cr\u00e9ation dans leurs locaux afin de permettre aux employ\u00e9s de bien se d\u00e9tendre, et mieux performer.<\/p>\n<p>Aussi, est-il essentiel d\u2019am\u00e9nager efficacement votre bureau afin de vous sentir dans un environnement qui <strong>pousse \u00e0 la productivit\u00e9<\/strong>.<\/p>\n<p>La centralisation de la question du bien-\u00eatre et du bonheur au travail a progressivement \u00e9merg\u00e9 notamment \u00e0 cause des nombreux cas de fatigue chronique et de turn-over qui ont \u00e9t\u00e9 not\u00e9s dans plusieurs structures. Le mal-\u00eatre des employ\u00e9s s\u2019av\u00e8re assez co\u00fbteux pour les entreprises, et on remarque que de plus en plus de travailleurs n\u2019h\u00e9sitent pas \u00e0 changer de bo\u00eete juste pour <strong>b\u00e9n\u00e9ficier de meilleures conditions<\/strong>.<\/p>\n<p>Dans la gestion des ressources humaines, le bonheur au travail fait partie int\u00e9grante des outils strat\u00e9giques utilis\u00e9s pour am\u00e9liorer la comp\u00e9titivit\u00e9 des entreprises. Qui parle de bonheur au travail inclut plusieurs \u00e9l\u00e9ments dont :<br>\n<div class=\"su-list\" style=\"margin-left:10px\">\n<ol>\n<li><i class=\"sui sui-minus\" style=\"color:#FF503D\"><\/i> La sant\u00e9<\/li>\n<li><i class=\"sui sui-minus\" style=\"color:#FF503D\"><\/i> Les conditions mat\u00e9rielles<\/li>\n<li><i class=\"sui sui-minus\" style=\"color:#FF503D\"><\/i> Le rythme de travail<\/li>\n<li><i class=\"sui sui-minus\" style=\"color:#FF503D\"><\/i> La coordination entre<a href=\"https:\/\/le-lodge.fr\/conseil\/open-space\/amenager\/intimite\/\"> intimit\u00e9 au travail<\/a> et vie professionnelle<\/li>\n<li><i class=\"sui sui-minus\" style=\"color:#FF503D\"><\/i> Les rapports entre les diff\u00e9rents niveaux hi\u00e9rarchiques.<\/li>\n<\/ol>\n<\/div>\n<p>Il s\u2019agit, pour les dirigeants, de prendre en compte aussi bien la dimension corporelle que la dimension spirituelle, pour mettre \u00e0 l\u2019aise leurs collaborateurs. La dimension spirituelle fait bien entendu allusion au moral. Dans cette optique, le cadre de travail joue un r\u00f4le pr\u00e9pond\u00e9rant pour une meilleure stabilit\u00e9 mentale et \u00e9motionnelle.<\/p>\n<p><strong>L\u2019am\u00e9nagement des lieux de travail<\/strong> se r\u00e9v\u00e8le ainsi \u00eatre un des principaux aspects \u00e0 am\u00e9liorer pour attirer les talents, et pour les faire rester. Car c\u2019est une des cl\u00e9s pour aider les employ\u00e9s \u00e0 atteindre la s\u00e9r\u00e9nit\u00e9 et l\u2019\u00e9quilibre dans la vie de bureau.<\/p>\n<h3>Bien am\u00e9nager l\u2019espace de travail : quels avantages ?<\/h3>\n<p>Un cadre bien am\u00e9nag\u00e9 est forc\u00e9ment synonyme de bien-\u00eatre des travailleurs ; et par ricochet, synonyme de performance. Comme sus pr\u00e9cis\u00e9, le moral de tout employ\u00e9 de travail est tr\u00e8s d\u00e9terminant dans son \u00e9quilibre professionnel et pour sa s\u00e9r\u00e9nit\u00e9. Or, l\u2019esth\u00e9tique des bureaux influence directement le moral de l\u2019\u00e9quipe de travail.<\/p>\n<p>Il est donc indispensable que le design et l\u2019organisation des <strong>postes de travail<\/strong> refl\u00e8tent l\u2019image de l\u2019entreprise. Des bureaux ad\u00e9quats stimulent forc\u00e9ment la cr\u00e9ativit\u00e9, l\u2019inspiration et la motivation des salari\u00e9s. Selon la structuration de l\u2019environnement de travail, une bonne synergie peut exister entre les collaborateurs pour favoriser une bonne communication interne.<\/p>\n<p>\u00c0 l\u2019\u00e8re moderne, il s\u2019agira de mettre un place un environnement au design professionnel, vivant et innovant. Des \u00e9quipements modernes et ad\u00e9quats doivent \u00eatre adopt\u00e9s pour rendre plus fonctionnels <strong>les espaces de travail<\/strong>. L\u2019entreprise t\u00e9moigne son respect et sa consid\u00e9ration envers ses employ\u00e9s en mettant en place un environnement de travail qui est convivial et favorable. Qu\u2019il s\u2019agisse de bureau individuel, de bureaux ouverts ou de bureaux partag\u00e9s en coworking, les intervenants doivent se sentir bien afin de parvenir \u00e0 une pleine expression de leur potentiel.<\/p>\n<p>Un bon am\u00e9nagement du poste de travail r\u00e9duira ainsi le stress professionnel, limitera les absent\u00e9ismes, et permettra de fid\u00e9liser les salari\u00e9s de l\u2019entreprise.<\/p>\n<h2>L\u2019emplacement<\/h2>\n<p>Aujourd\u2019hui, il est question de cr\u00e9er <strong>des bureaux fonctionnels et stimulants<\/strong>. Ceci implique l\u2019utilisation d\u2019un certain type de mobiliers, une d\u00e9coration attrayante et l\u2019emploi d\u2019objets personnalis\u00e9s. Le temps o\u00f9 les bureaux sont ouverts et tr\u00e8s bruyants est progressivement r\u00e9volu. Pour favoriser la concentration et la productivit\u00e9, la bonne configuration de l\u2019emplacement de travail est d\u2019une prime importance.<\/p>\n<p style=\"text-align: center; font-size: 18pt;\"><b>Vous souhaitez louer un espace de travail adapt\u00e9 \u00e0 vos besoins ? Contactez le Lodge, votre centre d\u2019affaires \u00e0 Strasbourg !<\/b><\/p>\n<p style=\"text-align: center;\">Location de salles de r\u00e9union et bureaux avec ou sans domiciliation et espaces de r\u00e9ception.<\/p>\n<p style=\"text-align: center;\"><div class=\"su-button-center\"><span data-atc=\"aHR0cHM6Ly9sZS1sb2RnZS5mci9jb250YWN0ZXotbm91cy8=\" class=\"su-button su-button-style-flat atc pop\" style=\" cursor: pointer; color:#FFFFFF;background-color:#FF503D;border-color:;0px;\" target=\"_blank\" rel=\"noopener noreferrer\">\r\n\t\r\n\t\r\n\t<span style=\";padding:8px 26px;font-size:20px;line-height:30px;border-color:;border-radius:0px;-moz-border-radius:0px;-webkit-border-radius:0px;text-shadow:none;-moz-text-shadow:none;-webkit-text-shadow:none;background-color: #FF503D; color:#FFFFFF !important\"> <i class=\"sui sui-pencil-square-o\" style=\"\" aria-label=\"\"><\/i>Envoyer ma demande <\/span>\r\n\r\n<\/span><\/div>\n<h3>La lumi\u00e8re<\/h3>\n<p>Un cadre de travail sombre peut influer n\u00e9gativement sur l\u2019humeur des employ\u00e9s, et sur leur productivit\u00e9. <strong>Pour am\u00e9nager l\u2019espace de travail<\/strong>, il faut donc accorder une place axiale \u00e0 la luminosit\u00e9.<\/p>\n<p>Il faut ainsi adopter des solutions pour cr\u00e9er une<strong> luminosit\u00e9 fonctionnelle<\/strong>. \u00c0 priori, l\u2019\u00e9clairage naturel est la meilleure option. Il est donc recommand\u00e9 d\u2019opter pour des espaces avec fen\u00eatres, qui laissent passer la lumi\u00e8re du soleil. Mais il n\u2019est pas toujours ais\u00e9 de faire filtrer la lumi\u00e8re du soleil dans tous les bureaux. D\u2019autres alternatives doivent donc \u00eatre adopt\u00e9es. De pr\u00e9f\u00e9rence, il faudra miser sur un \u00e9clairage proche de la lumi\u00e8re naturelle. Ceci permet de limiter consid\u00e9rablement la fatigue, et est tr\u00e8s b\u00e9n\u00e9fique pour le bien-\u00eatre g\u00e9n\u00e9ral. N\u2019h\u00e9sitez pas \u00e0 prendre conseil aupr\u00e8s de professionnels pour choisir des ampoules sp\u00e9ciales. <strong>La luminosit\u00e9<\/strong> qui r\u00e8gne dans un cadre d\u00e9pend \u00e9galement des rideaux et stores qui sont utilis\u00e9s dans la pi\u00e8ce. Veillez donc \u00e0 investir dans des rideaux et stores adapt\u00e9s \u00e0 la cr\u00e9ation d\u2019une ambiance agr\u00e9able.<\/p>\n<p>Par ailleurs, pour \u00e9viter le <a href=\"https:\/\/le-lodge.fr\/conseil\/open-space\/amenager\/reduire-bruit\/\">bruit dans un open space<\/a>, vous pouvez penser \u00e0 des <strong>doubles vitrages<\/strong> afin de limiter les bruits venant de l\u2019ext\u00e9rieur. Pour une bonne <strong>isolation phonique<\/strong> int\u00e9rieure par contre, des <strong>cloisons insonoris\u00e9es<\/strong> peuvent \u00eatre efficaces.<\/p>\n<h3>Personnaliser le poste<\/h3>\n<p>Le choix des \u00e9quipements qui doivent \u00eatre install\u00e9s au cours des <strong>am\u00e9nagements<\/strong> doit se faire avec tact.<\/p>\n<div class=\"su-list\" style=\"margin-left:10px\">\n<ol>\n<li><i class=\"sui sui-minus\" style=\"color:#FF503D\"><\/i> Pour une bonne organisation du travail, optez pour de grands meubles de bureau.<\/li>\n<li><i class=\"sui sui-minus\" style=\"color:#FF503D\"><\/i> Installez des chaises ajustables et ergonomiques pour que le travailleur s&rsquo;y sente \u00e0 son aise.<\/li>\n<li><i class=\"sui sui-minus\" style=\"color:#FF503D\"><\/i> Pour une moindre fatigue des pieds, n&rsquo;oubliez pas les repose-pieds. Ces derniers sont favorables \u00e0 la bonne circulation du sang, et favorisent une bonne posture.<\/li>\n<li><i class=\"sui sui-minus\" style=\"color:#FF503D\"><\/i> Pensez \u00e9galement aux <strong>reposes poignet<\/strong>s, qui permettent de soulager les douleurs du canal carpien.<\/li>\n<li><i class=\"sui sui-minus\" style=\"color:#FF503D\"><\/i> Adoptez les <strong>souris<\/strong> verticales qui permettent une bonne adaptation \u00e0 la morphologie de la main. N&rsquo;h\u00e9sitez \u00e9galement pas \u00e0 adopter des souris sp\u00e9cialement con\u00e7ues pour les gauchers.<\/li>\n<li><i class=\"sui sui-minus\" style=\"color:#FF503D\"><\/i> Un <strong>clavier<\/strong> compact sera g\u00e9n\u00e9ralement plus pratique qu&rsquo;un clavier long, car il permet de rapprocher la souris et de gagner en largeur.<\/li>\n<li><i class=\"sui sui-minus\" style=\"color:#FF503D\"><\/i> Les supports documents sont tr\u00e8s pratiques pour saisir facilement les documents, et les lire.<\/li>\n<\/ol>\n<\/div>\n<\/p><p>Une ambiance cosy peut \u00eatre, en outre, tr\u00e8s b\u00e9n\u00e9fique pour l\u2019\u00e9panouissement d\u2019un professionnel. Pour cela, il est int\u00e9ressant d\u2019installer, \u00e7\u00e0 et l\u00e0, des canap\u00e9s et des petits fauteuils, avec des coussins. La mise en place de plantes exotiques est \u00e9galement une bonne option pour cr\u00e9er un environnement convivial. \u00c0 d\u00e9faut, vous pouvez opter pour un mur v\u00e9g\u00e9tal rafra\u00eechissant. Il n\u2019y a rien de mieux que le c\u00f4t\u00e9 apaisant de la nature en effet.<\/p>\n<p><img loading=\"lazy\" decoding=\"async\" class=\"aligncenter wp-image-134 size-medium\" src=\"https:\/\/le-lodge.fr\/conseil\/wp-content\/uploads\/2021\/03\/ame%CC%81nagementpostetravail-800x533.jpeg\" alt=\"Ordinateur sur un bureau\" width=\"800\" height=\"533\"><\/p>\n<h2>Comment avoir une bonne installation ?<\/h2>\n<p>Comment positionner les diff\u00e9rents \u00e9l\u00e9ments de votre poste de travail ?<\/p>\n<h3>Le mat\u00e9riel informatique<\/h3>\n<div class=\"su-list\" style=\"margin-left:10px\">\n<ol>\n<li><i class=\"sui sui-minus\" style=\"color:#FF503D\"><\/i> L&rsquo;<strong>\u00e9cran<\/strong> de l&rsquo;ordinateur doit \u00eatre perpendiculaire \u00e0 la fen\u00eatre. Il va de m\u00eame donc pour la table de travail.<\/li>\n<li><i class=\"sui sui-minus\" style=\"color:#FF503D\"><\/i> Placez l&rsquo;\u00e9cran de sorte que son bord inf\u00e9rieur soit le plus proche de la table. L&rsquo;\u00e9cran doit \u00eatre l\u00e9g\u00e8rement inclin\u00e9 de fa\u00e7on \u00e0 ce que votre regard soit un tant soit peu orient\u00e9 vers le bas.<\/li>\n<li><i class=\"sui sui-minus\" style=\"color:#FF503D\"><\/i> La distance \u0153il \u00e9cran doit \u00eatre un peu plus grande que la longueur du bras. Positionnez donc l&rsquo;\u00e9cran \u00e0 au moins 60 cm de vote \u0153il, s&rsquo;il est de 24 pouces. S&rsquo;il s&rsquo;agit d&rsquo;un \u00e9cran de plus grande taille, il faudra aller au-del\u00e0 de 80 cm pour plus de commodit\u00e9.<\/li>\n<li><i class=\"sui sui-minus\" style=\"color:#FF503D\"><\/i> Quant \u00e0 <strong>la ligne de vision<\/strong>, elle doit \u00eatre environ 10 cm plus haut que le bord sup\u00e9rieur de votre \u00e9cran.<\/li>\n<li><i class=\"sui sui-minus\" style=\"color:#FF503D\"><\/i> Au cas o\u00f9 vous faites usage de deux \u00e9crans pour votre travail, le plus utilis\u00e9 doit \u00eatre positionn\u00e9 devant vous. Si vous utilisez autant l&rsquo;un que l&rsquo;autre, alors il faudra effectuer un agencement sym\u00e9trique.<\/li>\n<\/ol>\n<\/div>\n<\/p><h3>L\u2019ergonomie<\/h3>\n<p>Vous devez bien am\u00e9nager les diff\u00e9rents \u00e9l\u00e9ments de votre bureau, et effectuer les bons ajustements pour prendre soin de votre <strong>posture.<\/strong><\/p>\n<div class=\"su-list\" style=\"margin-left:10px\">\n<ol>\n<li><i class=\"sui sui-minus\" style=\"color:#FF503D\"><\/i> Commencez par bien <strong>r\u00e9gler le si\u00e8ge<\/strong>. Sa hauteur doit \u00eatre r\u00e9gl\u00e9e de mani\u00e8re \u00e0 ce que les pieds touchent enti\u00e8rement le sol, et que le dessous de vos cuisses reposent correctement sur l&rsquo;assise.<\/li>\n<li><i class=\"sui sui-minus\" style=\"color:#FF503D\"><\/i> Choisissez un si\u00e8ge avec <strong>dossier inclinable<\/strong> et dot\u00e9 d&rsquo;un m\u00e9canisme synchrone, avec soutien pour la r\u00e9gion lombaire.<\/li>\n<li><i class=\"sui sui-minus\" style=\"color:#FF503D\"><\/i> Veillez \u00e0 positionner votre \u00e9cran, votre clavier et votre souris bien en face de vous. S&rsquo;ils sont sur le c\u00f4t\u00e9, votre posture le sera de m\u00eame.<\/li>\n<li><i class=\"sui sui-minus\" style=\"color:#FF503D\"><\/i> Veillez \u00e0 poser le plus souvent vos coudes sur des accoudoirs ou sur votre bureau. Des coudes dans le vide peuvent impacter n\u00e9gativement les \u00e9paules et les trap\u00e8zes.<\/li>\n<\/ol>\n<\/div>\n<\/p><p>Notez que la r\u00e8gle la plus importante, en ce qui concerne la posture, est de ne jamais rester trop longtemps fig\u00e9 dans une m\u00eame position. Bougez r\u00e9guli\u00e8rement en faisant de petits tours de marche. Ceci vous permet \u00e9galement d\u2019a\u00e9rer le cerveau, et am\u00e9liorer par cons\u00e9quent votre <strong>productivit\u00e9 et vos performances<\/strong>.<\/p>\n<h2><span style=\"color: #FF503D;\">L\u2019essentiel \u00e0 retenir<\/span><\/h2>\n<p><strong>L\u2019am\u00e9nagement de votre open space<\/strong> ou autre poste de travail rentre dans le cadre du bien-\u00eatre professionnel. Quelques r\u00e8gles simples permettent de cr\u00e9er un environnement tr\u00e8s propice pour <strong>l\u2019\u00e9panouissement professionnel<\/strong>. En clair, vous devez investir dans quelques \u00e9quipements cl\u00e9s, et veiller au bon positionnement de chaque \u00e9l\u00e9ment de votre poste de travail.<\/p>\n<div class=\"su-spacer\" style=\"height:100px\"><\/div><br>\n<div class=\"su-heading su-heading-style-line-orange su-heading-align-center\" id=\"\" style=\"font-size:16px;margin-bottom:0px\"><div class=\"su-heading-inner\">\n<h5><span class=\"su-highlight\" style=\"background:#FF503D;color:#ffffff\">&nbsp;<span style=\"font-weight: 400;\">Ces articles devraient aussi vous int\u00e9resser<\/span>&nbsp;<\/span><\/h5>\n<\/div><\/div><br>\n<div class=\"su-spacer\" style=\"height:50px\"><\/div><br>\n<ul class=\"cs-samelevel-posts\">\n\t\t\t<li><a href=\"https:\/\/le-lodge.fr\/conseil\/open-space\/flex-office\/\"> Flex office : qu'est-ce que c'est ? La d\u00e9finition du flex-desk, le bureau flexible d'entreprise<\/a><\/li>\n\t\t\t<li><a href=\"https:\/\/le-lodge.fr\/conseil\/open-space\/coworking\/\"> Coworking : qu'est-ce que c'est ? La d\u00e9finition du coworking<\/a><\/li>\n\t<\/ul>\n<div>\n<div class=\"font_preload\" style=\"opacity: 0;\"><\/div>\n<\/div>\n<div>\n<div class=\"font_preload\" style=\"opacity: 0;\"><\/div>\n<\/div>\n<div>\n<div class=\"font_preload\" style=\"opacity: 0;\"><\/div>\n<\/div>\n<div>\n<div class=\"font_preload\" style=\"opacity: 0;\"><\/div>\n<\/div>\n\n\n","protected":false},"excerpt":{"rendered":"<p>Envisagez-vous d\u2019am\u00e9nager votre espace de travail dans un Open Space ? Si oui, sachez que Le cadre de travail est tr\u00e8s d\u00e9terminant en ce qui concerne la productivit\u00e9 et la performance de tout professionnel. Qui plus est, c\u2019est un levier essentiel pour l\u2019\u00e9panouissement de tout travailleur. De plus en plus d\u2019employeurs prennent conscience de la [&hellip;]<\/p>\n","protected":false},"author":3,"featured_media":133,"parent":109,"menu_order":2,"comment_status":"open","ping_status":"closed","template":"","meta":{"_seopress_robots_primary_cat":"","_seopress_titles_title":"Poste de travail : comment l&#039;am\u00e9nager ? ","_seopress_titles_desc":"Afin d&#039;\u00eatre productif et \u00e0 l&#039;aise \u00e0 votre bureau il est important de bien l&#039;am\u00e9nager, d\u00e9couvrez dans cet article nos conseils pour une bonne installation.","_seopress_robots_index":"","footnotes":""},"_links":{"self":[{"href":"https:\/\/le-lodge.fr\/conseil\/wp-json\/wp\/v2\/pages\/115"}],"collection":[{"href":"https:\/\/le-lodge.fr\/conseil\/wp-json\/wp\/v2\/pages"}],"about":[{"href":"https:\/\/le-lodge.fr\/conseil\/wp-json\/wp\/v2\/types\/page"}],"author":[{"embeddable":true,"href":"https:\/\/le-lodge.fr\/conseil\/wp-json\/wp\/v2\/users\/3"}],"replies":[{"embeddable":true,"href":"https:\/\/le-lodge.fr\/conseil\/wp-json\/wp\/v2\/comments?post=115"}],"version-history":[{"count":1,"href":"https:\/\/le-lodge.fr\/conseil\/wp-json\/wp\/v2\/pages\/115\/revisions"}],"predecessor-version":[{"id":1254,"href":"https:\/\/le-lodge.fr\/conseil\/wp-json\/wp\/v2\/pages\/115\/revisions\/1254"}],"up":[{"embeddable":true,"href":"https:\/\/le-lodge.fr\/conseil\/wp-json\/wp\/v2\/pages\/109"}],"wp:featuredmedia":[{"embeddable":true,"href":"https:\/\/le-lodge.fr\/conseil\/wp-json\/wp\/v2\/media\/133"}],"wp:attachment":[{"href":"https:\/\/le-lodge.fr\/conseil\/wp-json\/wp\/v2\/media?parent=115"}],"curies":[{"name":"wp","href":"https:\/\/api.w.org\/{rel}","templated":true}]}}